{"id":955,"date":"2025-12-19T10:19:13","date_gmt":"2025-12-19T09:19:13","guid":{"rendered":"https:\/\/syntaco.artneo.pl\/produkt\/q8-f-exclusive-c1-5w-30-1l\/"},"modified":"2026-03-28T08:31:56","modified_gmt":"2026-03-28T07:31:56","slug":"q8-f-exclusive-c1-5w-30-1l","status":"publish","type":"product","link":"https:\/\/syntaco.pl\/sklep\/produkt\/q8-f-exclusive-c1-5w-30-1l\/","title":{"rendered":"Q8 F Exclusive C1 5W-30 &#8211; 1L"},"content":{"rendered":"<p>Q8 Formula Exclusive C1 5W-30 to wyj\u0105tkowy olej silnikowy opracowany pod k\u0105tem trwa\u0142o\u015bci, ochrony uk\u0142adu oczyszczania spalin i ograniczenia zu\u017cycia paliwa do silnik\u00f3w Ford Euro 4 i 5 oraz Mazda Euro 4.<br \/>\nKorzy\u015bci<br \/>\n\u2022\tMniejsze zu\u017cycie paliwa.<br \/>\n\u2022\tZnakomita ochrona katalizatora i filtra cz\u0105stek sta\u0142ych.<br \/>\n\u2022\tDoskona\u0142a ochrona zimnego silnika.<br \/>\n\u2022\tZnakomita ochrona przed rdz\u0105 i korozj\u0105.<br \/>\n\u2022\tDoskona\u0142a ochrona przed zu\u017cyciem zapewnia d\u0142ug\u0105 \u017cywotno\u015b\u0107 silnika.<br \/>\nSpecyfikacje i aprobaty: ACEA C1, Ford M2C 912, Ford M2C 913-A, Ford M2C 913-B, Ford M2C934-B, Jaguar Land Rover STJLR.03.5005<\/p>\n","protected":false},"excerpt":{"rendered":"<p>Q8 Formula Exclusive C1 5W-30 to wyj\u0105tkowy olej silnikowy opracowany pod k\u0105tem trwa\u0142o\u015bci, ochrony uk\u0142adu oczyszczania spalin i ograniczenia zu\u017cycia paliwa do silnik\u00f3w Ford Euro 4 i 5 oraz Mazda Euro 4. Korzy\u015bci \u2022 Mniejsze zu\u017cycie paliwa. \u2022 Znakomita ochrona katalizatora i filtra cz\u0105stek sta\u0142ych. \u2022 Doskona\u0142a ochrona zimnego silnika. \u2022 Znakomita ochrona przed rdz\u0105 [&hellip;]<\/p>\n","protected":false},"featured_media":954,"template":"","meta":{"_acf_changed":false},"product_brand":[49],"product_cat":[59],"product_tag":[],"class_list":{"0":"post-955","1":"product","2":"type-product","3":"status-publish","4":"has-post-thumbnail","6":"product_brand-kuwait-petroleum-belgium-n-v-s-a","7":"product_cat-oleje-silnikowe","9":"first","10":"instock","11":"shipping-taxable","12":"purchasable","13":"product-type-simple"},"acf":[],"_links":{"self":[{"href":"https:\/\/syntaco.pl\/sklep\/wp-json\/wp\/v2\/product\/955","targetHints":{"allow":["GET"]}}],"collection":[{"href":"https:\/\/syntaco.pl\/sklep\/wp-json\/wp\/v2\/product"}],"about":[{"href":"https:\/\/syntaco.pl\/sklep\/wp-json\/wp\/v2\/types\/product"}],"wp:featuredmedia":[{"embeddable":true,"href":"https:\/\/syntaco.pl\/sklep\/wp-json\/wp\/v2\/media\/954"}],"wp:attachment":[{"href":"https:\/\/syntaco.pl\/sklep\/wp-json\/wp\/v2\/media?parent=955"}],"wp:term":[{"taxonomy":"product_brand","embeddable":true,"href":"https:\/\/syntaco.pl\/sklep\/wp-json\/wp\/v2\/product_brand?post=955"},{"taxonomy":"product_cat","embeddable":true,"href":"https:\/\/syntaco.pl\/sklep\/wp-json\/wp\/v2\/product_cat?post=955"},{"taxonomy":"product_tag","embeddable":true,"href":"https:\/\/syntaco.pl\/sklep\/wp-json\/wp\/v2\/product_tag?post=955"}],"curies":[{"name":"wp","href":"https:\/\/api.w.org\/{rel}","templated":true}]}}