{"id":927,"date":"2025-12-19T10:18:52","date_gmt":"2025-12-19T09:18:52","guid":{"rendered":"https:\/\/syntaco.artneo.pl\/produkt\/q8-f-f1-10w-60-1l\/"},"modified":"2026-03-28T08:31:46","modified_gmt":"2026-03-28T07:31:46","slug":"q8-f-f1-10w-60-1l","status":"publish","type":"product","link":"https:\/\/syntaco.pl\/sklep\/produkt\/q8-f-f1-10w-60-1l\/","title":{"rendered":"Q8 F F1 10W-60 1L"},"content":{"rendered":"<p>Q8 Formula F1 10W-60 to wysokoparametrowy syntetyczny olej silnikowy opracowany specjalnie pod k\u0105tem doskona\u0142ej ochrony w warunkach intensywnej jazdy.<br \/>\nKorzy\u015bci<br \/>\n\u2022\tZnakomite osi\u0105gi silnika w r\u00f3\u017cnych warunkach jazdy.<br \/>\n\u2022\tDoskona\u0142a wytrzyma\u0142o\u015b\u0107 warstwy oleju zapobiegj\u0105ca zu\u017cyciu silnika.<br \/>\n\u2022\tDoskona\u0142a ochrona przed rdz\u0105 i korozj\u0105.<br \/>\n\u2022\tNajlepsza w swojej klasie ochrona przed zu\u017cyciem zapewniaj\u0105ca d\u0142ug\u0105 \u017cywotno\u015b\u0107 silnika Specyfikacje i aprobaty: ACEA A3\/B4<\/p>\n","protected":false},"excerpt":{"rendered":"<p>Q8 Formula F1 10W-60 to wysokoparametrowy syntetyczny olej silnikowy opracowany specjalnie pod k\u0105tem doskona\u0142ej ochrony w warunkach intensywnej jazdy. Korzy\u015bci \u2022 Znakomite osi\u0105gi silnika w r\u00f3\u017cnych warunkach jazdy. \u2022 Doskona\u0142a wytrzyma\u0142o\u015b\u0107 warstwy oleju zapobiegj\u0105ca zu\u017cyciu silnika. \u2022 Doskona\u0142a ochrona przed rdz\u0105 i korozj\u0105. \u2022 Najlepsza w swojej klasie ochrona przed zu\u017cyciem zapewniaj\u0105ca d\u0142ug\u0105 \u017cywotno\u015b\u0107 silnika [&hellip;]<\/p>\n","protected":false},"featured_media":926,"template":"","meta":{"_acf_changed":false},"product_brand":[49],"product_cat":[59],"product_tag":[],"class_list":{"0":"post-927","1":"product","2":"type-product","3":"status-publish","4":"has-post-thumbnail","6":"product_brand-kuwait-petroleum-belgium-n-v-s-a","7":"product_cat-oleje-silnikowe","9":"first","10":"instock","11":"shipping-taxable","12":"purchasable","13":"product-type-simple"},"acf":[],"_links":{"self":[{"href":"https:\/\/syntaco.pl\/sklep\/wp-json\/wp\/v2\/product\/927","targetHints":{"allow":["GET"]}}],"collection":[{"href":"https:\/\/syntaco.pl\/sklep\/wp-json\/wp\/v2\/product"}],"about":[{"href":"https:\/\/syntaco.pl\/sklep\/wp-json\/wp\/v2\/types\/product"}],"wp:featuredmedia":[{"embeddable":true,"href":"https:\/\/syntaco.pl\/sklep\/wp-json\/wp\/v2\/media\/926"}],"wp:attachment":[{"href":"https:\/\/syntaco.pl\/sklep\/wp-json\/wp\/v2\/media?parent=927"}],"wp:term":[{"taxonomy":"product_brand","embeddable":true,"href":"https:\/\/syntaco.pl\/sklep\/wp-json\/wp\/v2\/product_brand?post=927"},{"taxonomy":"product_cat","embeddable":true,"href":"https:\/\/syntaco.pl\/sklep\/wp-json\/wp\/v2\/product_cat?post=927"},{"taxonomy":"product_tag","embeddable":true,"href":"https:\/\/syntaco.pl\/sklep\/wp-json\/wp\/v2\/product_tag?post=927"}],"curies":[{"name":"wp","href":"https:\/\/api.w.org\/{rel}","templated":true}]}}