{"id":907,"date":"2025-12-19T10:18:36","date_gmt":"2025-12-19T09:18:36","guid":{"rendered":"https:\/\/syntaco.artneo.pl\/produkt\/q8-f-elite-c2-0w-30-1l\/"},"modified":"2026-04-15T09:42:32","modified_gmt":"2026-04-15T07:42:32","slug":"q8-f-elite-c2-0w-30-1l","status":"publish","type":"product","link":"https:\/\/syntaco.pl\/sklep\/produkt\/q8-f-elite-c2-0w-30-1l\/","title":{"rendered":"Q8 F Elite C2 0W-30 &#8211; 1L"},"content":{"rendered":"<p>Q8 Formula Elite C2 0W-30 to znakomity olej silnikowy do samochod\u00f3w osobowych. Przewy\u017csza wymagania ACEA C2 i spe\u0142nia wymagania specyfikacji PSA Peugeot Citroen B71 2312.<br \/>\nKorzy\u015bci<br \/>\n\u2022\tOgraniczenie zu\u017cycia paliwa o 2,5% lub wi\u0119cej<br \/>\n\u2022\tDoskona\u0142a ochrona katalizatora i filtra cz\u0105stek sta\u0142ych.<br \/>\n\u2022\tDoskona\u0142a ochrona katalizatora SCR i filtra cz\u0105stek sta\u0142ych.<br \/>\n\u2022\tDoskona\u0142a kompatybilno\u015b\u0107 z biodieslem dzi\u0119ki ulepszonej stabilno\u015bci oksydacyjnej.<br \/>\n\u2022\tDoskona\u0142a czysto\u015b\u0107 silnika wyd\u0142u\u017ca jego \u017cywotno\u015b\u0107.<br \/>\nSpecyfikacje i aprobaty: ACEA C2, Fiat 9.55535-DS1, Fiat 9.55535-GS1, PSA B71 2290-2014, PSA B712312-2017<\/p>\n","protected":false},"excerpt":{"rendered":"<p>Q8 Formula Elite C2 0W-30 to znakomity olej silnikowy do samochod\u00f3w osobowych. Przewy\u017csza wymagania ACEA C2 i spe\u0142nia wymagania specyfikacji PSA Peugeot Citroen B71 2312. Korzy\u015bci \u2022 Ograniczenie zu\u017cycia paliwa o 2,5% lub wi\u0119cej \u2022 Doskona\u0142a ochrona katalizatora i filtra cz\u0105stek sta\u0142ych. \u2022 Doskona\u0142a ochrona katalizatora SCR i filtra cz\u0105stek sta\u0142ych. \u2022 Doskona\u0142a kompatybilno\u015b\u0107 z [&hellip;]<\/p>\n","protected":false},"featured_media":906,"template":"","meta":{"_acf_changed":false},"product_brand":[49],"product_cat":[59],"product_tag":[],"class_list":{"0":"post-907","1":"product","2":"type-product","3":"status-publish","4":"has-post-thumbnail","6":"product_brand-kuwait-petroleum-belgium-n-v-s-a","7":"product_cat-oleje-silnikowe","9":"first","10":"instock","11":"shipping-taxable","12":"purchasable","13":"product-type-simple"},"acf":[],"_links":{"self":[{"href":"https:\/\/syntaco.pl\/sklep\/wp-json\/wp\/v2\/product\/907","targetHints":{"allow":["GET"]}}],"collection":[{"href":"https:\/\/syntaco.pl\/sklep\/wp-json\/wp\/v2\/product"}],"about":[{"href":"https:\/\/syntaco.pl\/sklep\/wp-json\/wp\/v2\/types\/product"}],"wp:featuredmedia":[{"embeddable":true,"href":"https:\/\/syntaco.pl\/sklep\/wp-json\/wp\/v2\/media\/906"}],"wp:attachment":[{"href":"https:\/\/syntaco.pl\/sklep\/wp-json\/wp\/v2\/media?parent=907"}],"wp:term":[{"taxonomy":"product_brand","embeddable":true,"href":"https:\/\/syntaco.pl\/sklep\/wp-json\/wp\/v2\/product_brand?post=907"},{"taxonomy":"product_cat","embeddable":true,"href":"https:\/\/syntaco.pl\/sklep\/wp-json\/wp\/v2\/product_cat?post=907"},{"taxonomy":"product_tag","embeddable":true,"href":"https:\/\/syntaco.pl\/sklep\/wp-json\/wp\/v2\/product_tag?post=907"}],"curies":[{"name":"wp","href":"https:\/\/api.w.org\/{rel}","templated":true}]}}