{"id":889,"date":"2025-12-19T10:18:18","date_gmt":"2025-12-19T09:18:18","guid":{"rendered":"https:\/\/syntaco.artneo.pl\/produkt\/neste-avora-spray-047kg\/"},"modified":"2026-03-28T08:31:30","modified_gmt":"2026-03-28T07:31:30","slug":"neste-avora-spray-047kg","status":"publish","type":"product","link":"https:\/\/syntaco.pl\/sklep\/produkt\/neste-avora-spray-047kg\/","title":{"rendered":"Neste Avora Spray 0,47kg"},"content":{"rendered":"<p>Smar w sprayu do otwartych przek\u0142adni i lin stalowych:<br \/>\n&#8211; \u0141atwy w aplikacji<br \/>\n&#8211; Doskona\u0142a ochrona przed korozj\u0105<br \/>\n&#8211; Doskona\u0142a ochrona przed wymywaniem<br \/>\n&#8211; Doskona\u0142e w\u0142a\u015bciwo\u015bci przeciwzu\u017cyciowe oraz EP<br \/>\nISO 12924: ISO-L-XB(F)DIB0.5<br \/>\nNLGI 0.5<br \/>\nDIN 51502: OGP0.5N-20<\/p>\n","protected":false},"excerpt":{"rendered":"<p>Smar w sprayu do otwartych przek\u0142adni i lin stalowych: &#8211; \u0141atwy w aplikacji &#8211; Doskona\u0142a ochrona przed korozj\u0105 &#8211; Doskona\u0142a ochrona przed wymywaniem &#8211; Doskona\u0142e w\u0142a\u015bciwo\u015bci przeciwzu\u017cyciowe oraz EP ISO 12924: ISO-L-XB(F)DIB0.5 NLGI 0.5 DIN 51502: OGP0.5N-20<\/p>\n","protected":false},"featured_media":888,"template":"","meta":{"_acf_changed":false},"product_brand":[44],"product_cat":[30,31],"product_tag":[],"class_list":{"0":"post-889","1":"product","2":"type-product","3":"status-publish","4":"has-post-thumbnail","6":"product_brand-neste","7":"product_cat-produkty","8":"product_cat-smary","10":"first","11":"instock","12":"shipping-taxable","13":"purchasable","14":"product-type-simple"},"acf":[],"_links":{"self":[{"href":"https:\/\/syntaco.pl\/sklep\/wp-json\/wp\/v2\/product\/889","targetHints":{"allow":["GET"]}}],"collection":[{"href":"https:\/\/syntaco.pl\/sklep\/wp-json\/wp\/v2\/product"}],"about":[{"href":"https:\/\/syntaco.pl\/sklep\/wp-json\/wp\/v2\/types\/product"}],"wp:featuredmedia":[{"embeddable":true,"href":"https:\/\/syntaco.pl\/sklep\/wp-json\/wp\/v2\/media\/888"}],"wp:attachment":[{"href":"https:\/\/syntaco.pl\/sklep\/wp-json\/wp\/v2\/media?parent=889"}],"wp:term":[{"taxonomy":"product_brand","embeddable":true,"href":"https:\/\/syntaco.pl\/sklep\/wp-json\/wp\/v2\/product_brand?post=889"},{"taxonomy":"product_cat","embeddable":true,"href":"https:\/\/syntaco.pl\/sklep\/wp-json\/wp\/v2\/product_cat?post=889"},{"taxonomy":"product_tag","embeddable":true,"href":"https:\/\/syntaco.pl\/sklep\/wp-json\/wp\/v2\/product_tag?post=889"}],"curies":[{"name":"wp","href":"https:\/\/api.w.org\/{rel}","templated":true}]}}