{"id":856,"date":"2025-12-19T10:17:51","date_gmt":"2025-12-19T09:17:51","guid":{"rendered":"https:\/\/syntaco.artneo.pl\/produkt\/q8-auto-d-vi-1l\/"},"modified":"2026-04-15T09:42:16","modified_gmt":"2026-04-15T07:42:16","slug":"q8-auto-d-vi-1l","status":"publish","type":"product","link":"https:\/\/syntaco.pl\/sklep\/produkt\/q8-auto-d-vi-1l\/","title":{"rendered":"Q8 Auto D VI &#8211; 1L"},"content":{"rendered":"<p>Q8 Auto D VI to olej o niskiej lepko\u015bci do automatycznych stopniowych skrzy\u0144 bieg\u00f3w. Produkt zatwierdzony przez GM dla Dexron VI.<br \/>\nKorzy\u015bci<br \/>\n\u2022\tDoskona\u0142a ochrona przed zu\u017cyciem przek\u0142ada si\u0119 na wi\u0119ksz\u0105 trwa\u0142o\u015b\u0107 skrzyni.<br \/>\n\u2022\tOptymalne w\u0142a\u015bciwo\u015bci tarcia nawet w niskich temperaturach<br \/>\n\u2022\tZnakomita kompatybilno\u015b\u0107 z elastomerami<br \/>\n\u2022\tDoskona\u0142a stabilno\u015b\u0107 oksydacyjna i termiczna<br \/>\nSpecyfikacje i aprobaty: Ainsin Wamer JWS3309, Aisin Wamer JWS 3324, Aisin Wamer JWS AW-1, BMW\/MINI 7045E, BMW\/MINI ETL 8072B, BMW\/MINI LT1141(ZF-5HP18FL\/19FL\/24A), GM Dexron VI, Hyundai\/Kia SPH-IV, JASO M315 type 1A LV, JASO M315 Type 2A, MB 236.12, MB 236.14, MB 236.15, MB 236.17, MB 236.41, Mitsubishi Diaqueen SP-IV, VAG VW G052 162, VAG VW G 055 162, VAG VW G 060 162, Volvo 97342 (AT 102)<\/p>\n","protected":false},"excerpt":{"rendered":"<p>Q8 Auto D VI to olej o niskiej lepko\u015bci do automatycznych stopniowych skrzy\u0144 bieg\u00f3w. Produkt zatwierdzony przez GM dla Dexron VI. Korzy\u015bci \u2022 Doskona\u0142a ochrona przed zu\u017cyciem przek\u0142ada si\u0119 na wi\u0119ksz\u0105 trwa\u0142o\u015b\u0107 skrzyni. \u2022 Optymalne w\u0142a\u015bciwo\u015bci tarcia nawet w niskich temperaturach \u2022 Znakomita kompatybilno\u015b\u0107 z elastomerami \u2022 Doskona\u0142a stabilno\u015b\u0107 oksydacyjna i termiczna Specyfikacje i aprobaty: [&hellip;]<\/p>\n","protected":false},"featured_media":855,"template":"","meta":{"_acf_changed":false},"product_brand":[49],"product_cat":[36,30],"product_tag":[],"class_list":{"0":"post-856","1":"product","2":"type-product","3":"status-publish","4":"has-post-thumbnail","6":"product_brand-kuwait-petroleum-belgium-n-v-s-a","7":"product_cat-oleje-przekladniowe","8":"product_cat-produkty","10":"first","11":"instock","12":"shipping-taxable","13":"purchasable","14":"product-type-simple"},"acf":[],"_links":{"self":[{"href":"https:\/\/syntaco.pl\/sklep\/wp-json\/wp\/v2\/product\/856","targetHints":{"allow":["GET"]}}],"collection":[{"href":"https:\/\/syntaco.pl\/sklep\/wp-json\/wp\/v2\/product"}],"about":[{"href":"https:\/\/syntaco.pl\/sklep\/wp-json\/wp\/v2\/types\/product"}],"wp:featuredmedia":[{"embeddable":true,"href":"https:\/\/syntaco.pl\/sklep\/wp-json\/wp\/v2\/media\/855"}],"wp:attachment":[{"href":"https:\/\/syntaco.pl\/sklep\/wp-json\/wp\/v2\/media?parent=856"}],"wp:term":[{"taxonomy":"product_brand","embeddable":true,"href":"https:\/\/syntaco.pl\/sklep\/wp-json\/wp\/v2\/product_brand?post=856"},{"taxonomy":"product_cat","embeddable":true,"href":"https:\/\/syntaco.pl\/sklep\/wp-json\/wp\/v2\/product_cat?post=856"},{"taxonomy":"product_tag","embeddable":true,"href":"https:\/\/syntaco.pl\/sklep\/wp-json\/wp\/v2\/product_tag?post=856"}],"curies":[{"name":"wp","href":"https:\/\/api.w.org\/{rel}","templated":true}]}}