{"id":854,"date":"2025-12-19T10:17:50","date_gmt":"2025-12-19T09:17:50","guid":{"rendered":"https:\/\/syntaco.artneo.pl\/produkt\/q8-auto-15-ed-20l\/"},"modified":"2026-03-28T08:31:18","modified_gmt":"2026-03-28T07:31:18","slug":"q8-auto-15-ed-20l","status":"publish","type":"product","link":"https:\/\/syntaco.pl\/sklep\/produkt\/q8-auto-15-ed-20l\/","title":{"rendered":"Q8 Auto 15 ED &#8211; 20L"},"content":{"rendered":"<p>Q8 Auto 15 ED to olej do automatycznych skrzy\u0144 bieg\u00f3w pracuj\u0105cych przy du\u017cych obci\u0105\u017ceniach, z przed\u0142u\u017conym okresem pomi\u0119dzy wymianami. Aprobaty ZF TE-ML 14B Voith DIWA H55.6336.3X. Q8 Auto 15 ED gwarantuj\u0105 zwi\u0119kszon\u0105 niezawodno\u015b\u0107.<br \/>\nKorzy\u015bci<br \/>\n\u2022\tDoskona\u0142a ochrona przed zu\u017cyciem przek\u0142ada si\u0119 na wi\u0119ksz\u0105 trwa\u0142o\u015b\u0107 skrzyni.<br \/>\n\u2022\tDoskona\u0142a ochrona przed rdz\u0105 i korozj\u0105.<br \/>\n\u2022\tDoskona\u0142a ochrona skrzynki w trudnych warunkach pracy.<br \/>\n\u2022\tDoskona\u0142a p\u0142ynno\u015b\u0107 w niskich temperaturach i szeroki zakres temperatur pracy.<br \/>\nSpecyfikacje i aprobaty: Alisson C-4, Alisson TES-389, Chrysler ATF+3, Ford Mercon, GM ATF TypeA(SuffixA), GM Dexron IIIH, MAN 339 Type L1, MAN Type V2, MAN Type Z1, MB 236.1, MB 236.10, MB 236.11, MB 236.5, MB 236.9, Voit H55.6336xx, Volvo 97341 (AT 101), ZF TE-ML 02F, ZF TE-ML 03D, ZF TE-ML 04D, ZF TE-ML 09, ZF TE-ML 11B, ZF TE-ML 14B, ZF TE-ML 16L, ZF TE-ML 17CQ8 Auto 15 ED to specjalny olej do wysokoobci\u0105\u017conych automatycznych skrzy\u0144 bieg\u00f3w (ATF) o wyd\u0142u\u017conym okresie wymiany oleju dla ZF TE-ML 14B i Voith DIWA H55.6336.3X. Q8 Auto 15 ED gwarantuje zwi\u0119kszon\u0105 niezawodno\u015b\u0107.<br \/>\nKorzy\u015bci:<br \/>\n\u2022\tDoskona\u0142a ochrona przed zu\u017cyciem i wyd\u0142u\u017cenie \u017cywotno\u015bci komponent\u00f3w.<br \/>\n\u2022\tDoskona\u0142a ochrona przed rdz\u0105 i korozj\u0105.<br \/>\n\u2022\tDoskona\u0142a ochrona przek\u0142adni w trudnych warunkach pracy.<br \/>\n\u2022\tWyj\u0105tkowa p\u0142ynno\u015b\u0107 w niskich temperaturach i szeroki zakres temperatur pracy.<br \/>\nSpecyfikacje:<br \/>\nAllison C-4 MB 236.9<br \/>\nAllison TES-389 Voith H55.6336.xx<br \/>\nChrysler ATF+3 Volvo 97341 (AT 101)<br \/>\nFord Mercon ZF TE-ML 02F<br \/>\nGM ATF Type A (Suffix A) ZF TE-ML 03D<br \/>\nGM Dexron III H ZF TE-ML 04D<br \/>\nMAN 339 Type L1 ZF TE-ML 09<br \/>\nMAN 339 Type V2 ZF TE-ML 11A<br \/>\nMAN 339 Type Z1 ZF TE-ML 11B<br \/>\nMB 236.10 ZF TE-ML 11B<br \/>\nMB 236.11 ZF TE-ML 14B<br \/>\nMB 236.1 ZF TE-ML 16L<br \/>\nMB 236.5 ZF TE-ML 17C<\/p>\n","protected":false},"excerpt":{"rendered":"<p>Q8 Auto 15 ED to olej do automatycznych skrzy\u0144 bieg\u00f3w pracuj\u0105cych przy du\u017cych obci\u0105\u017ceniach, z przed\u0142u\u017conym okresem pomi\u0119dzy wymianami. Aprobaty ZF TE-ML 14B Voith DIWA H55.6336.3X. Q8 Auto 15 ED gwarantuj\u0105 zwi\u0119kszon\u0105 niezawodno\u015b\u0107. Korzy\u015bci \u2022 Doskona\u0142a ochrona przed zu\u017cyciem przek\u0142ada si\u0119 na wi\u0119ksz\u0105 trwa\u0142o\u015b\u0107 skrzyni. \u2022 Doskona\u0142a ochrona przed rdz\u0105 i korozj\u0105. \u2022 Doskona\u0142a ochrona [&hellip;]<\/p>\n","protected":false},"featured_media":853,"template":"","meta":{"_acf_changed":false},"product_brand":[49],"product_cat":[36,30],"product_tag":[],"class_list":{"0":"post-854","1":"product","2":"type-product","3":"status-publish","4":"has-post-thumbnail","6":"product_brand-kuwait-petroleum-belgium-n-v-s-a","7":"product_cat-oleje-przekladniowe","8":"product_cat-produkty","10":"first","11":"instock","12":"shipping-taxable","13":"purchasable","14":"product-type-simple"},"acf":[],"_links":{"self":[{"href":"https:\/\/syntaco.pl\/sklep\/wp-json\/wp\/v2\/product\/854","targetHints":{"allow":["GET"]}}],"collection":[{"href":"https:\/\/syntaco.pl\/sklep\/wp-json\/wp\/v2\/product"}],"about":[{"href":"https:\/\/syntaco.pl\/sklep\/wp-json\/wp\/v2\/types\/product"}],"wp:featuredmedia":[{"embeddable":true,"href":"https:\/\/syntaco.pl\/sklep\/wp-json\/wp\/v2\/media\/853"}],"wp:attachment":[{"href":"https:\/\/syntaco.pl\/sklep\/wp-json\/wp\/v2\/media?parent=854"}],"wp:term":[{"taxonomy":"product_brand","embeddable":true,"href":"https:\/\/syntaco.pl\/sklep\/wp-json\/wp\/v2\/product_brand?post=854"},{"taxonomy":"product_cat","embeddable":true,"href":"https:\/\/syntaco.pl\/sklep\/wp-json\/wp\/v2\/product_cat?post=854"},{"taxonomy":"product_tag","embeddable":true,"href":"https:\/\/syntaco.pl\/sklep\/wp-json\/wp\/v2\/product_tag?post=854"}],"curies":[{"name":"wp","href":"https:\/\/api.w.org\/{rel}","templated":true}]}}