{"id":792,"date":"2025-12-19T10:16:50","date_gmt":"2025-12-19T09:16:50","guid":{"rendered":"https:\/\/syntaco.artneo.pl\/produkt\/nsl-tidal-power-special-uhpd-5w-20-man-m3977-20l\/"},"modified":"2026-04-15T09:41:43","modified_gmt":"2026-04-15T07:41:43","slug":"nsl-tidal-power-special-uhpd-5w-20-man-m3977-20l","status":"publish","type":"product","link":"https:\/\/syntaco.pl\/sklep\/produkt\/nsl-tidal-power-special-uhpd-5w-20-man-m3977-20l\/","title":{"rendered":"NSL TIDAL POWER SPECIAL UHPD 5W-20 MAN M3977 20L"},"content":{"rendered":"<p>TIDAL POWER SPECIAL UHPD 5W-20 to olej syntetyczny do silnik\u00f3w wysokopr\u0119\u017cnych o bardzo wysokich parametrach, opracowany w celu zapewnienia wyj\u0105tkowej ochrony i potencja\u0142u oszcz\u0119dno\u015bci paliwa w nowoczesnych, wysokowydajnych silnikach o niskiej emisji spalin, stosowanych w trudnych warunkach drogowych.<br \/>\nTIDAL POWER SPECIAL UHPD 5W-20 zosta\u0142 specjalnie opracowany, aby spe\u0142nia\u0107 najnowsze wymagania MAN M 3977 dla nowoczesnych silnik\u00f3w wysokopr\u0119\u017cnych wyposa\u017conych w filtry cz\u0105stek sta\u0142ych (DPF).<\/p>\n","protected":false},"excerpt":{"rendered":"<p>TIDAL POWER SPECIAL UHPD 5W-20 to olej syntetyczny do silnik\u00f3w wysokopr\u0119\u017cnych o bardzo wysokich parametrach, opracowany w celu zapewnienia wyj\u0105tkowej ochrony i potencja\u0142u oszcz\u0119dno\u015bci paliwa w nowoczesnych, wysokowydajnych silnikach o niskiej emisji spalin, stosowanych w trudnych warunkach drogowych. TIDAL POWER SPECIAL UHPD 5W-20 zosta\u0142 specjalnie opracowany, aby spe\u0142nia\u0107 najnowsze wymagania MAN M 3977 dla nowoczesnych [&hellip;]<\/p>\n","protected":false},"featured_media":791,"template":"","meta":{"_acf_changed":false},"product_brand":[47],"product_cat":[59],"product_tag":[],"class_list":{"0":"post-792","1":"product","2":"type-product","3":"status-publish","4":"has-post-thumbnail","6":"product_brand-nsl","7":"product_cat-oleje-silnikowe","9":"first","10":"instock","11":"shipping-taxable","12":"purchasable","13":"product-type-simple"},"acf":[],"_links":{"self":[{"href":"https:\/\/syntaco.pl\/sklep\/wp-json\/wp\/v2\/product\/792","targetHints":{"allow":["GET"]}}],"collection":[{"href":"https:\/\/syntaco.pl\/sklep\/wp-json\/wp\/v2\/product"}],"about":[{"href":"https:\/\/syntaco.pl\/sklep\/wp-json\/wp\/v2\/types\/product"}],"wp:featuredmedia":[{"embeddable":true,"href":"https:\/\/syntaco.pl\/sklep\/wp-json\/wp\/v2\/media\/791"}],"wp:attachment":[{"href":"https:\/\/syntaco.pl\/sklep\/wp-json\/wp\/v2\/media?parent=792"}],"wp:term":[{"taxonomy":"product_brand","embeddable":true,"href":"https:\/\/syntaco.pl\/sklep\/wp-json\/wp\/v2\/product_brand?post=792"},{"taxonomy":"product_cat","embeddable":true,"href":"https:\/\/syntaco.pl\/sklep\/wp-json\/wp\/v2\/product_cat?post=792"},{"taxonomy":"product_tag","embeddable":true,"href":"https:\/\/syntaco.pl\/sklep\/wp-json\/wp\/v2\/product_tag?post=792"}],"curies":[{"name":"wp","href":"https:\/\/api.w.org\/{rel}","templated":true}]}}