{"id":790,"date":"2025-12-19T10:16:44","date_gmt":"2025-12-19T09:16:44","guid":{"rendered":"https:\/\/syntaco.artneo.pl\/produkt\/nsl-tidal-power-hdx-15w-40-api-ci-4-200l\/"},"modified":"2026-04-15T09:41:43","modified_gmt":"2026-04-15T07:41:43","slug":"nsl-tidal-power-hdx-15w-40-api-ci-4-200l","status":"publish","type":"product","link":"https:\/\/syntaco.pl\/sklep\/produkt\/nsl-tidal-power-hdx-15w-40-api-ci-4-200l\/","title":{"rendered":"NSL TIDAL POWER HDX 15W-40 API: CI-4 200L"},"content":{"rendered":"<p>TIDAL POWER HDX 15W-40 to uniwersalny olej silnikowy o bardzo wysokich osi\u0105gach, przeznaczony do wysokoobci\u0105\u017conych silnik\u00f3w Diesla w lekkich i ci\u0119\u017ckich pojazdach u\u017cytkowych pracuj\u0105cych w trudnych warunkach przez ca\u0142y rok, do stosowania w normach Euro-3, Euro-4 i Euro-5 silniki wyposa\u017cone w EGR i\/lub SCR. Produkt nie nadaje si\u0119 do pojazd\u00f3w wyposa\u017conych w filtry DPF.<br \/>\nAprobaty: MB-approval 228.3, Volvo VDS-3, Renault RLD-2, MACK EO-N<br \/>\nSpecyfikacje i normy: API: CI-4\/SL, ACEA E7, DDC 93K215, Global DHD-1,JASO DH-1, Deutz DQC-III, MTU Type 2, MB 228.1, CAT ECF-1a, CAT ECF-2, MAN M 3275, Cummins CES 20077, 20078,<\/p>\n","protected":false},"excerpt":{"rendered":"<p>TIDAL POWER HDX 15W-40 to uniwersalny olej silnikowy o bardzo wysokich osi\u0105gach, przeznaczony do wysokoobci\u0105\u017conych silnik\u00f3w Diesla w lekkich i ci\u0119\u017ckich pojazdach u\u017cytkowych pracuj\u0105cych w trudnych warunkach przez ca\u0142y rok, do stosowania w normach Euro-3, Euro-4 i Euro-5 silniki wyposa\u017cone w EGR i\/lub SCR. Produkt nie nadaje si\u0119 do pojazd\u00f3w wyposa\u017conych w filtry DPF. Aprobaty: [&hellip;]<\/p>\n","protected":false},"featured_media":789,"template":"","meta":{"_acf_changed":false},"product_brand":[47],"product_cat":[59],"product_tag":[],"class_list":{"0":"post-790","1":"product","2":"type-product","3":"status-publish","4":"has-post-thumbnail","6":"product_brand-nsl","7":"product_cat-oleje-silnikowe","9":"first","10":"instock","11":"shipping-taxable","12":"purchasable","13":"product-type-simple"},"acf":[],"_links":{"self":[{"href":"https:\/\/syntaco.pl\/sklep\/wp-json\/wp\/v2\/product\/790","targetHints":{"allow":["GET"]}}],"collection":[{"href":"https:\/\/syntaco.pl\/sklep\/wp-json\/wp\/v2\/product"}],"about":[{"href":"https:\/\/syntaco.pl\/sklep\/wp-json\/wp\/v2\/types\/product"}],"wp:featuredmedia":[{"embeddable":true,"href":"https:\/\/syntaco.pl\/sklep\/wp-json\/wp\/v2\/media\/789"}],"wp:attachment":[{"href":"https:\/\/syntaco.pl\/sklep\/wp-json\/wp\/v2\/media?parent=790"}],"wp:term":[{"taxonomy":"product_brand","embeddable":true,"href":"https:\/\/syntaco.pl\/sklep\/wp-json\/wp\/v2\/product_brand?post=790"},{"taxonomy":"product_cat","embeddable":true,"href":"https:\/\/syntaco.pl\/sklep\/wp-json\/wp\/v2\/product_cat?post=790"},{"taxonomy":"product_tag","embeddable":true,"href":"https:\/\/syntaco.pl\/sklep\/wp-json\/wp\/v2\/product_tag?post=790"}],"curies":[{"name":"wp","href":"https:\/\/api.w.org\/{rel}","templated":true}]}}