{"id":749,"date":"2025-12-19T10:16:02","date_gmt":"2025-12-19T09:16:02","guid":{"rendered":"https:\/\/syntaco.artneo.pl\/produkt\/nsl-atf-power-dx-iii-1l\/"},"modified":"2026-04-15T09:41:30","modified_gmt":"2026-04-15T07:41:30","slug":"nsl-atf-power-dx-iii-1l","status":"publish","type":"product","link":"https:\/\/syntaco.pl\/sklep\/produkt\/nsl-atf-power-dx-iii-1l\/","title":{"rendered":"NSL ATF POWER DX III 1L"},"content":{"rendered":"<p>&#8222;ATF POWER DX III to wysokiej jako\u015bci olej uniwersalny przeznaczony do stosowania w automatycznych skrzyniach bieg\u00f3w, przemiennikach momentu obrotowego i wspomaganiach uk\u0142adu kierowniczego samochod\u00f3w osobowych, lekkich dostawczych i pojazd\u00f3w u\u017cytkowych. ATF POWER DX III jest skomponowany na bazie wysokorafinowanej, mineralnej i syntetycznej bazy rozpuszczalnikowej w po\u0142\u0105czeniu z unikalnym pakietem dodatk\u00f3w, aby osi\u0105gn\u0105\u0107 nast\u0119puj\u0105ce w\u0142a\u015bciwo\u015bci:<br \/>\n-Doskona\u0142a stabilno\u015b\u0107 termiczna i oksydacyjna.<br \/>\n-Specjalne modyfikatory tarcia.<br \/>\n-Bardzo wysoki wska\u017anik lepko\u015bci.<br \/>\n-Niska temperatura p\u0142yni\u0119cia.<br \/>\n-Doskona\u0142a zmiana bieg\u00f3w w bardzo niskich i wysokich temperaturach.<br \/>\n-Doskona\u0142a ochrona przed powstaj\u0105c\u0105 korozj\u0105, pian\u0105 i zu\u017cyciem.<br \/>\nATF POWER DX III przekracza nast\u0119puj\u0105ce kryteria wydajno\u015bci: DEXRON IIIF\/G\/H Allison C4 CAT TO-2, MAN 339 Z1\/Z2 MAN 339 V1\/V2 MB 236.10\/236.9\/236.7\/236.5\/236.1, Voith 55.6335 Volvo 97341 Mercon, ZF 02F\/03D\/04D ZF 11A\/11B\/14B\/16L&#8221;<\/p>\n","protected":false},"excerpt":{"rendered":"<p>&#8222;ATF POWER DX III to wysokiej jako\u015bci olej uniwersalny przeznaczony do stosowania w automatycznych skrzyniach bieg\u00f3w, przemiennikach momentu obrotowego i wspomaganiach uk\u0142adu kierowniczego samochod\u00f3w osobowych, lekkich dostawczych i pojazd\u00f3w u\u017cytkowych. ATF POWER DX III jest skomponowany na bazie wysokorafinowanej, mineralnej i syntetycznej bazy rozpuszczalnikowej w po\u0142\u0105czeniu z unikalnym pakietem dodatk\u00f3w, aby osi\u0105gn\u0105\u0107 nast\u0119puj\u0105ce w\u0142a\u015bciwo\u015bci: -Doskona\u0142a [&hellip;]<\/p>\n","protected":false},"featured_media":748,"template":"","meta":{"_acf_changed":false},"product_brand":[47],"product_cat":[36,30],"product_tag":[],"class_list":{"0":"post-749","1":"product","2":"type-product","3":"status-publish","4":"has-post-thumbnail","6":"product_brand-nsl","7":"product_cat-oleje-przekladniowe","8":"product_cat-produkty","10":"first","11":"instock","12":"shipping-taxable","13":"purchasable","14":"product-type-simple"},"acf":[],"_links":{"self":[{"href":"https:\/\/syntaco.pl\/sklep\/wp-json\/wp\/v2\/product\/749","targetHints":{"allow":["GET"]}}],"collection":[{"href":"https:\/\/syntaco.pl\/sklep\/wp-json\/wp\/v2\/product"}],"about":[{"href":"https:\/\/syntaco.pl\/sklep\/wp-json\/wp\/v2\/types\/product"}],"wp:featuredmedia":[{"embeddable":true,"href":"https:\/\/syntaco.pl\/sklep\/wp-json\/wp\/v2\/media\/748"}],"wp:attachment":[{"href":"https:\/\/syntaco.pl\/sklep\/wp-json\/wp\/v2\/media?parent=749"}],"wp:term":[{"taxonomy":"product_brand","embeddable":true,"href":"https:\/\/syntaco.pl\/sklep\/wp-json\/wp\/v2\/product_brand?post=749"},{"taxonomy":"product_cat","embeddable":true,"href":"https:\/\/syntaco.pl\/sklep\/wp-json\/wp\/v2\/product_cat?post=749"},{"taxonomy":"product_tag","embeddable":true,"href":"https:\/\/syntaco.pl\/sklep\/wp-json\/wp\/v2\/product_tag?post=749"}],"curies":[{"name":"wp","href":"https:\/\/api.w.org\/{rel}","templated":true}]}}