{"id":731,"date":"2025-12-19T10:15:45","date_gmt":"2025-12-19T09:15:45","guid":{"rendered":"https:\/\/syntaco.artneo.pl\/produkt\/nsl-atf-power-dx-ii-1l\/"},"modified":"2026-03-28T08:30:31","modified_gmt":"2026-03-28T07:30:31","slug":"nsl-atf-power-dx-ii-1l","status":"publish","type":"product","link":"https:\/\/syntaco.pl\/sklep\/produkt\/nsl-atf-power-dx-ii-1l\/","title":{"rendered":"NSL ATF POWER DX II 1L"},"content":{"rendered":"<p>ATF POWER DX II przekracza nast\u0119puj\u0105ce kryteria wydajno\u015bci: GM DEXRON\u00ae II D MAN 339 typ V1 MAN 339 typ Z1, MB 236.9 Voith H55.6335.xx, ZF TE-ML 03D\/04D\/14A\/17C<\/p>\n","protected":false},"excerpt":{"rendered":"<p>ATF POWER DX II przekracza nast\u0119puj\u0105ce kryteria wydajno\u015bci: GM DEXRON\u00ae II D MAN 339 typ V1 MAN 339 typ Z1, MB 236.9 Voith H55.6335.xx, ZF TE-ML 03D\/04D\/14A\/17C<\/p>\n","protected":false},"featured_media":730,"template":"","meta":{"_acf_changed":false},"product_brand":[47],"product_cat":[36,30],"product_tag":[],"class_list":{"0":"post-731","1":"product","2":"type-product","3":"status-publish","4":"has-post-thumbnail","6":"product_brand-nsl","7":"product_cat-oleje-przekladniowe","8":"product_cat-produkty","10":"first","11":"instock","12":"shipping-taxable","13":"purchasable","14":"product-type-simple"},"acf":[],"_links":{"self":[{"href":"https:\/\/syntaco.pl\/sklep\/wp-json\/wp\/v2\/product\/731","targetHints":{"allow":["GET"]}}],"collection":[{"href":"https:\/\/syntaco.pl\/sklep\/wp-json\/wp\/v2\/product"}],"about":[{"href":"https:\/\/syntaco.pl\/sklep\/wp-json\/wp\/v2\/types\/product"}],"wp:featuredmedia":[{"embeddable":true,"href":"https:\/\/syntaco.pl\/sklep\/wp-json\/wp\/v2\/media\/730"}],"wp:attachment":[{"href":"https:\/\/syntaco.pl\/sklep\/wp-json\/wp\/v2\/media?parent=731"}],"wp:term":[{"taxonomy":"product_brand","embeddable":true,"href":"https:\/\/syntaco.pl\/sklep\/wp-json\/wp\/v2\/product_brand?post=731"},{"taxonomy":"product_cat","embeddable":true,"href":"https:\/\/syntaco.pl\/sklep\/wp-json\/wp\/v2\/product_cat?post=731"},{"taxonomy":"product_tag","embeddable":true,"href":"https:\/\/syntaco.pl\/sklep\/wp-json\/wp\/v2\/product_tag?post=731"}],"curies":[{"name":"wp","href":"https:\/\/api.w.org\/{rel}","templated":true}]}}