{"id":713,"date":"2025-12-19T10:15:31","date_gmt":"2025-12-19T09:15:31","guid":{"rendered":"https:\/\/syntaco.artneo.pl\/produkt\/nsl-autogear-power-mtf-75w-80-1l\/"},"modified":"2026-04-15T09:41:21","modified_gmt":"2026-04-15T07:41:21","slug":"nsl-autogear-power-mtf-75w-80-1l","status":"publish","type":"product","link":"https:\/\/syntaco.pl\/sklep\/produkt\/nsl-autogear-power-mtf-75w-80-1l\/","title":{"rendered":"NSL AUTOGEAR POWER MTF 75W-80 1L"},"content":{"rendered":"<p>AUTOGEAR POWER MTF 75W-80 to wysokiej jako\u015bci olej do manualnych skrzy\u0144 bieg\u00f3w przeznaczony do pojazd\u00f3w osobowych i lekkich pojazd\u00f3w dostawczych wyposa\u017conych zar\u00f3wno w manualne skrzynie bieg\u00f3w, jak i mosty p\u0119dne. Nie nadaje si\u0119 do mechanizm\u00f3w r\u00f3\u017cnicowych i innych zastosowa\u0144 API: GL-5<br \/>\nSpecyfikacje i aprobaty: API: GL-4, BMW MTF LT-2, BMW MTF LT-3, BMW MTF LT-4, Ford WSD-M2C200-C, GM 1940182, GM 1940764, GM 1940768, GM 1940004, GM 19259104, Ford WSS-M2C200-D2, MB 235.10, PSA B71 2330, MTF 94, Honda MTF, Honda MTF II\/III, Nissan MT-XZ, Nissa MT-XZ TL, Volvo 97308, Volvo 97309, VW G 009 317 , VW G 052 171, VW G 052 178, VW G 052 512,<br \/>\nVW G 052 527, VW G 052 726, VW G 060 726, VW G 070 726, VW G50, Renault (NFJ\/NFP\/TRJ\/TRT\/TRZ)<\/p>\n","protected":false},"excerpt":{"rendered":"<p>AUTOGEAR POWER MTF 75W-80 to wysokiej jako\u015bci olej do manualnych skrzy\u0144 bieg\u00f3w przeznaczony do pojazd\u00f3w osobowych i lekkich pojazd\u00f3w dostawczych wyposa\u017conych zar\u00f3wno w manualne skrzynie bieg\u00f3w, jak i mosty p\u0119dne. Nie nadaje si\u0119 do mechanizm\u00f3w r\u00f3\u017cnicowych i innych zastosowa\u0144 API: GL-5 Specyfikacje i aprobaty: API: GL-4, BMW MTF LT-2, BMW MTF LT-3, BMW MTF LT-4, [&hellip;]<\/p>\n","protected":false},"featured_media":712,"template":"","meta":{"_acf_changed":false},"product_brand":[47],"product_cat":[36,30],"product_tag":[],"class_list":{"0":"post-713","1":"product","2":"type-product","3":"status-publish","4":"has-post-thumbnail","6":"product_brand-nsl","7":"product_cat-oleje-przekladniowe","8":"product_cat-produkty","10":"first","11":"instock","12":"shipping-taxable","13":"purchasable","14":"product-type-simple"},"acf":[],"_links":{"self":[{"href":"https:\/\/syntaco.pl\/sklep\/wp-json\/wp\/v2\/product\/713","targetHints":{"allow":["GET"]}}],"collection":[{"href":"https:\/\/syntaco.pl\/sklep\/wp-json\/wp\/v2\/product"}],"about":[{"href":"https:\/\/syntaco.pl\/sklep\/wp-json\/wp\/v2\/types\/product"}],"wp:featuredmedia":[{"embeddable":true,"href":"https:\/\/syntaco.pl\/sklep\/wp-json\/wp\/v2\/media\/712"}],"wp:attachment":[{"href":"https:\/\/syntaco.pl\/sklep\/wp-json\/wp\/v2\/media?parent=713"}],"wp:term":[{"taxonomy":"product_brand","embeddable":true,"href":"https:\/\/syntaco.pl\/sklep\/wp-json\/wp\/v2\/product_brand?post=713"},{"taxonomy":"product_cat","embeddable":true,"href":"https:\/\/syntaco.pl\/sklep\/wp-json\/wp\/v2\/product_cat?post=713"},{"taxonomy":"product_tag","embeddable":true,"href":"https:\/\/syntaco.pl\/sklep\/wp-json\/wp\/v2\/product_tag?post=713"}],"curies":[{"name":"wp","href":"https:\/\/api.w.org\/{rel}","templated":true}]}}