{"id":695,"date":"2025-12-19T10:15:13","date_gmt":"2025-12-19T09:15:13","guid":{"rendered":"https:\/\/syntaco.artneo.pl\/produkt\/nsl-hydra-power-plus-46-hv-46-200l\/"},"modified":"2026-04-15T09:41:16","modified_gmt":"2026-04-15T07:41:16","slug":"nsl-hydra-power-plus-46-hv-46-200l","status":"publish","type":"product","link":"https:\/\/syntaco.pl\/sklep\/produkt\/nsl-hydra-power-plus-46-hv-46-200l\/","title":{"rendered":"NSL HYDRA POWER PLUS 46 HV 46 200L"},"content":{"rendered":"<p>Najwy\u017cszej jako\u015bci olej hydrauliczny klasy DIN 51524\/3 HVLP, AFNOR NFE 48-603, ISO 6743\/4 HV, Vickers M-2950, I-286-S, US Steel 127, 136; Denison HF-0, Cincennati P-70<br \/>\nHYDRA POWER PLUS 46 olej opracowany specjalnie do zastosowa\u0144 takich jak uk\u0142ady hydrauliczne i przeniesienia mocy, nara\u017cone na dzia\u0142anie szerokiego zakresu temperatur lub tam, gdzie wymagana jest niewielka zmiana lepko\u015bci przy wahaniach temperatury.<\/p>\n","protected":false},"excerpt":{"rendered":"<p>Najwy\u017cszej jako\u015bci olej hydrauliczny klasy DIN 51524\/3 HVLP, AFNOR NFE 48-603, ISO 6743\/4 HV, Vickers M-2950, I-286-S, US Steel 127, 136; Denison HF-0, Cincennati P-70 HYDRA POWER PLUS 46 olej opracowany specjalnie do zastosowa\u0144 takich jak uk\u0142ady hydrauliczne i przeniesienia mocy, nara\u017cone na dzia\u0142anie szerokiego zakresu temperatur lub tam, gdzie wymagana jest niewielka zmiana lepko\u015bci [&hellip;]<\/p>\n","protected":false},"featured_media":694,"template":"","meta":{"_acf_changed":false},"product_brand":[47],"product_cat":[45,30],"product_tag":[],"class_list":{"0":"post-695","1":"product","2":"type-product","3":"status-publish","4":"has-post-thumbnail","6":"product_brand-nsl","7":"product_cat-oleje-hydrauliczne","8":"product_cat-produkty","10":"first","11":"instock","12":"shipping-taxable","13":"purchasable","14":"product-type-simple"},"acf":[],"_links":{"self":[{"href":"https:\/\/syntaco.pl\/sklep\/wp-json\/wp\/v2\/product\/695","targetHints":{"allow":["GET"]}}],"collection":[{"href":"https:\/\/syntaco.pl\/sklep\/wp-json\/wp\/v2\/product"}],"about":[{"href":"https:\/\/syntaco.pl\/sklep\/wp-json\/wp\/v2\/types\/product"}],"wp:featuredmedia":[{"embeddable":true,"href":"https:\/\/syntaco.pl\/sklep\/wp-json\/wp\/v2\/media\/694"}],"wp:attachment":[{"href":"https:\/\/syntaco.pl\/sklep\/wp-json\/wp\/v2\/media?parent=695"}],"wp:term":[{"taxonomy":"product_brand","embeddable":true,"href":"https:\/\/syntaco.pl\/sklep\/wp-json\/wp\/v2\/product_brand?post=695"},{"taxonomy":"product_cat","embeddable":true,"href":"https:\/\/syntaco.pl\/sklep\/wp-json\/wp\/v2\/product_cat?post=695"},{"taxonomy":"product_tag","embeddable":true,"href":"https:\/\/syntaco.pl\/sklep\/wp-json\/wp\/v2\/product_tag?post=695"}],"curies":[{"name":"wp","href":"https:\/\/api.w.org\/{rel}","templated":true}]}}