{"id":687,"date":"2025-12-19T10:15:01","date_gmt":"2025-12-19T09:15:01","guid":{"rendered":"https:\/\/syntaco.artneo.pl\/produkt\/nsl-gear-power-to-4-10w-20l\/"},"modified":"2026-04-15T09:41:13","modified_gmt":"2026-04-15T07:41:13","slug":"nsl-gear-power-to-4-10w-20l","status":"publish","type":"product","link":"https:\/\/syntaco.pl\/sklep\/produkt\/nsl-gear-power-to-4-10w-20l\/","title":{"rendered":"NSL GEAR POWER TO-4 10W 20L"},"content":{"rendered":"<p>GEAR POWER TO-4 10W zosta\u0142 specjalnie zaprojektowany do przek\u0142adni typu Powershift, przek\u0142adni g\u0142\u00f3wnych i mokrych hamulc\u00f3w w ci\u0119\u017ckim sprz\u0119cie terenowym u\u017cywanym do rob\u00f3t ziemnych, wyr\u0119bu g\u00f3rniczego, transportu drogowego i zastosowa\u0144 rolniczych.<br \/>\nZaawansowany olej hydrauliczno-przek\u0142adniowy spe\u0142niaj\u0105cy specyfikacje: Caterpillar TO-4, Komatsu KES 07.868.1, Allison C4, API CF-2\/CF ZF TE-ML 04<\/p>\n","protected":false},"excerpt":{"rendered":"<p>GEAR POWER TO-4 10W zosta\u0142 specjalnie zaprojektowany do przek\u0142adni typu Powershift, przek\u0142adni g\u0142\u00f3wnych i mokrych hamulc\u00f3w w ci\u0119\u017ckim sprz\u0119cie terenowym u\u017cywanym do rob\u00f3t ziemnych, wyr\u0119bu g\u00f3rniczego, transportu drogowego i zastosowa\u0144 rolniczych. Zaawansowany olej hydrauliczno-przek\u0142adniowy spe\u0142niaj\u0105cy specyfikacje: Caterpillar TO-4, Komatsu KES 07.868.1, Allison C4, API CF-2\/CF ZF TE-ML 04<\/p>\n","protected":false},"featured_media":686,"template":"","meta":{"_acf_changed":false},"product_brand":[47],"product_cat":[39,30],"product_tag":[],"class_list":{"0":"post-687","1":"product","2":"type-product","3":"status-publish","4":"has-post-thumbnail","6":"product_brand-nsl","7":"product_cat-oleje-rolnicze","8":"product_cat-produkty","10":"first","11":"instock","12":"shipping-taxable","13":"purchasable","14":"product-type-simple"},"acf":[],"_links":{"self":[{"href":"https:\/\/syntaco.pl\/sklep\/wp-json\/wp\/v2\/product\/687","targetHints":{"allow":["GET"]}}],"collection":[{"href":"https:\/\/syntaco.pl\/sklep\/wp-json\/wp\/v2\/product"}],"about":[{"href":"https:\/\/syntaco.pl\/sklep\/wp-json\/wp\/v2\/types\/product"}],"wp:featuredmedia":[{"embeddable":true,"href":"https:\/\/syntaco.pl\/sklep\/wp-json\/wp\/v2\/media\/686"}],"wp:attachment":[{"href":"https:\/\/syntaco.pl\/sklep\/wp-json\/wp\/v2\/media?parent=687"}],"wp:term":[{"taxonomy":"product_brand","embeddable":true,"href":"https:\/\/syntaco.pl\/sklep\/wp-json\/wp\/v2\/product_brand?post=687"},{"taxonomy":"product_cat","embeddable":true,"href":"https:\/\/syntaco.pl\/sklep\/wp-json\/wp\/v2\/product_cat?post=687"},{"taxonomy":"product_tag","embeddable":true,"href":"https:\/\/syntaco.pl\/sklep\/wp-json\/wp\/v2\/product_tag?post=687"}],"curies":[{"name":"wp","href":"https:\/\/api.w.org\/{rel}","templated":true}]}}