{"id":677,"date":"2025-12-19T10:14:48","date_gmt":"2025-12-19T09:14:48","guid":{"rendered":"https:\/\/syntaco.artneo.pl\/produkt\/nissan-5w-40-a3-b4-1l-oem-90090032\/"},"modified":"2026-02-26T10:29:28","modified_gmt":"2026-02-26T09:29:28","slug":"nissan-5w-40-a3-b4-1l-oem-90090032","status":"publish","type":"product","link":"https:\/\/syntaco.pl\/sklep\/produkt\/nissan-5w-40-a3-b4-1l-oem-90090032\/","title":{"rendered":"NISSAN 5W-40 A3\/B4 1L OEM 90090032"},"content":{"rendered":"<p>Olej silnikowy jest produktem o wszechstronnej jako\u015bci i zr\u00f3wnowa\u017conej lepko\u015bci. Zar\u00f3wno w niskich jak i wysokich temperaturach olej ten daje idelane smarowanie silnika. Mo\u017ce by\u0107 stosowany do prawie wszystkich silnik\u00f3w wysokopr\u0119\u017cnych i benzynowych innych marek.<\/p>\n","protected":false},"excerpt":{"rendered":"<p>Olej silnikowy jest produktem o wszechstronnej jako\u015bci i zr\u00f3wnowa\u017conej lepko\u015bci. Zar\u00f3wno w niskich jak i wysokich temperaturach olej ten daje idelane smarowanie silnika. Mo\u017ce by\u0107 stosowany do prawie wszystkich silnik\u00f3w wysokopr\u0119\u017cnych i benzynowych innych marek.<\/p>\n","protected":false},"featured_media":676,"template":"","meta":{"_acf_changed":false},"product_brand":[46],"product_cat":[59],"product_tag":[],"class_list":{"0":"post-677","1":"product","2":"type-product","3":"status-publish","4":"has-post-thumbnail","6":"product_brand-nissan","7":"product_cat-oleje-silnikowe","9":"first","10":"instock","11":"shipping-taxable","12":"purchasable","13":"product-type-simple"},"acf":[],"_links":{"self":[{"href":"https:\/\/syntaco.pl\/sklep\/wp-json\/wp\/v2\/product\/677","targetHints":{"allow":["GET"]}}],"collection":[{"href":"https:\/\/syntaco.pl\/sklep\/wp-json\/wp\/v2\/product"}],"about":[{"href":"https:\/\/syntaco.pl\/sklep\/wp-json\/wp\/v2\/types\/product"}],"wp:featuredmedia":[{"embeddable":true,"href":"https:\/\/syntaco.pl\/sklep\/wp-json\/wp\/v2\/media\/676"}],"wp:attachment":[{"href":"https:\/\/syntaco.pl\/sklep\/wp-json\/wp\/v2\/media?parent=677"}],"wp:term":[{"taxonomy":"product_brand","embeddable":true,"href":"https:\/\/syntaco.pl\/sklep\/wp-json\/wp\/v2\/product_brand?post=677"},{"taxonomy":"product_cat","embeddable":true,"href":"https:\/\/syntaco.pl\/sklep\/wp-json\/wp\/v2\/product_cat?post=677"},{"taxonomy":"product_tag","embeddable":true,"href":"https:\/\/syntaco.pl\/sklep\/wp-json\/wp\/v2\/product_tag?post=677"}],"curies":[{"name":"wp","href":"https:\/\/api.w.org\/{rel}","templated":true}]}}