{"id":673,"date":"2025-12-19T10:14:44","date_gmt":"2025-12-19T09:14:44","guid":{"rendered":"https:\/\/syntaco.artneo.pl\/produkt\/nissan-5w-30-dpf-c4-5l-oem-90090043\/"},"modified":"2026-03-19T14:36:40","modified_gmt":"2026-03-19T13:36:40","slug":"nissan-5w-30-dpf-c4-5l-oem-90090043","status":"publish","type":"product","link":"https:\/\/syntaco.pl\/sklep\/produkt\/nissan-5w-30-dpf-c4-5l-oem-90090043\/","title":{"rendered":"NISSAN 5W-30 DPF C4 5L OEM 90090043"},"content":{"rendered":"<p>Olej silnikowy spe\u0142niaj\u0105cy wymagania jako\u015bciowe producenta, charakteryzuj\u0105cy si\u0119 optymaln\u0105 wydajno\u015bci\u0105. Syntetyczny olej zalecany do silnik\u00f3w Diesla Nissana wymagaj\u0105cych oleju silnikowego 5w30. Obowi\u0105zkowy dla nowoczesnych silnik\u00f3w wyposazonych w uk\u0142ady oczyszczania spalin. Szczeg\u00f3lnie zalecany do silnik\u00f3w spa\u0142niaj\u0105cych normy EURO IV.<\/p>\n","protected":false},"excerpt":{"rendered":"<p>Olej silnikowy spe\u0142niaj\u0105cy wymagania jako\u015bciowe producenta, charakteryzuj\u0105cy si\u0119 optymaln\u0105 wydajno\u015bci\u0105. Syntetyczny olej zalecany do silnik\u00f3w Diesla Nissana wymagaj\u0105cych oleju silnikowego 5w30. Obowi\u0105zkowy dla nowoczesnych silnik\u00f3w wyposazonych w uk\u0142ady oczyszczania spalin. Szczeg\u00f3lnie zalecany do silnik\u00f3w spa\u0142niaj\u0105cych normy EURO IV.<\/p>\n","protected":false},"featured_media":672,"template":"","meta":{"_acf_changed":false},"product_brand":[46],"product_cat":[59],"product_tag":[],"class_list":{"0":"post-673","1":"product","2":"type-product","3":"status-publish","4":"has-post-thumbnail","6":"product_brand-nissan","7":"product_cat-oleje-silnikowe","9":"first","10":"instock","11":"shipping-taxable","12":"purchasable","13":"product-type-simple"},"acf":[],"_links":{"self":[{"href":"https:\/\/syntaco.pl\/sklep\/wp-json\/wp\/v2\/product\/673","targetHints":{"allow":["GET"]}}],"collection":[{"href":"https:\/\/syntaco.pl\/sklep\/wp-json\/wp\/v2\/product"}],"about":[{"href":"https:\/\/syntaco.pl\/sklep\/wp-json\/wp\/v2\/types\/product"}],"wp:featuredmedia":[{"embeddable":true,"href":"https:\/\/syntaco.pl\/sklep\/wp-json\/wp\/v2\/media\/672"}],"wp:attachment":[{"href":"https:\/\/syntaco.pl\/sklep\/wp-json\/wp\/v2\/media?parent=673"}],"wp:term":[{"taxonomy":"product_brand","embeddable":true,"href":"https:\/\/syntaco.pl\/sklep\/wp-json\/wp\/v2\/product_brand?post=673"},{"taxonomy":"product_cat","embeddable":true,"href":"https:\/\/syntaco.pl\/sklep\/wp-json\/wp\/v2\/product_cat?post=673"},{"taxonomy":"product_tag","embeddable":true,"href":"https:\/\/syntaco.pl\/sklep\/wp-json\/wp\/v2\/product_tag?post=673"}],"curies":[{"name":"wp","href":"https:\/\/api.w.org\/{rel}","templated":true}]}}