{"id":659,"date":"2025-12-19T10:14:33","date_gmt":"2025-12-19T09:14:33","guid":{"rendered":"https:\/\/syntaco.artneo.pl\/produkt\/neste-superlix-ep-2-420ml-400g\/"},"modified":"2026-03-29T00:26:02","modified_gmt":"2026-03-28T23:26:02","slug":"neste-superlix-ep-2-420ml-400g","status":"publish","type":"product","link":"https:\/\/syntaco.pl\/sklep\/produkt\/neste-superlix-ep-2-420ml-400g\/","title":{"rendered":"Neste Superlix EP 2 420ml\/400g"},"content":{"rendered":"<p>Neste Superlix EP 2 to specjalny smar na bazie kompleksu litu, kt\u00f3ry stosuje si\u0119, gdy dzia\u0142anie zwyk\u0142ego smaru uniwersalnego nie jest wystarczaj\u0105ce w trudnych warunkach. Neste Superlix EP 2 dobrze smaruje w wysokich temperaturach oraz przy obci\u0105\u017ceniach wibracyjnych i udarowych.<br \/>\nCECHY I ZALETY<br \/>\n&#8211; Dobra wydajno\u015b\u0107 w wysokich temperaturach<br \/>\n&#8211; Wysoki punkt opadania<br \/>\n&#8211; Doskona\u0142a stabilno\u015b\u0107 mechaniczna<br \/>\n&#8211; Dobre w\u0142a\u015bciwo\u015bci przeciwzu\u017cyciowe i EP<br \/>\nW zastosowaniach motoryzacyjnych Neste Superlix EP 2 jest zalecany do smarowania \u0142o\u017cysk k\u00f3\u0142 i przegub\u00f3w Cardana oraz do stosowania jako smar do podwozi. W zastosowaniach przemys\u0142owych Neste Superlix EP 2 jest zalecany do smarowania \u0142o\u017cysk poprzecznych i tocznych, gdy dzia\u0142anie smaru litowego jest niewystarczaj\u0105ce. Neste Superlix EP 2 jest zabarwiony na niebiesko.<br \/>\nPERFORMANCE CLAIMS<br \/>\nISO 12924: ISO-L-XC(F)DIB2<br \/>\nNLGI 2<br \/>\nDIN 51502: KP2N-30<br \/>\nNLGI GC-LB<br \/>\nVolvo std 1277.2<\/p>\n","protected":false},"excerpt":{"rendered":"<p>Neste Superlix EP 2 to specjalny smar na bazie kompleksu litu, kt\u00f3ry stosuje si\u0119, gdy dzia\u0142anie zwyk\u0142ego smaru uniwersalnego nie jest wystarczaj\u0105ce w trudnych warunkach. Neste Superlix EP 2 dobrze smaruje w wysokich temperaturach oraz przy obci\u0105\u017ceniach wibracyjnych i udarowych. CECHY I ZALETY &#8211; Dobra wydajno\u015b\u0107 w wysokich temperaturach &#8211; Wysoki punkt opadania &#8211; Doskona\u0142a [&hellip;]<\/p>\n","protected":false},"featured_media":658,"template":"","meta":{"_acf_changed":false},"product_brand":[44],"product_cat":[30,31],"product_tag":[],"class_list":{"0":"post-659","1":"product","2":"type-product","3":"status-publish","4":"has-post-thumbnail","6":"product_brand-neste","7":"product_cat-produkty","8":"product_cat-smary","10":"first","11":"instock","12":"shipping-taxable","13":"purchasable","14":"product-type-simple"},"acf":[],"_links":{"self":[{"href":"https:\/\/syntaco.pl\/sklep\/wp-json\/wp\/v2\/product\/659","targetHints":{"allow":["GET"]}}],"collection":[{"href":"https:\/\/syntaco.pl\/sklep\/wp-json\/wp\/v2\/product"}],"about":[{"href":"https:\/\/syntaco.pl\/sklep\/wp-json\/wp\/v2\/types\/product"}],"wp:featuredmedia":[{"embeddable":true,"href":"https:\/\/syntaco.pl\/sklep\/wp-json\/wp\/v2\/media\/658"}],"wp:attachment":[{"href":"https:\/\/syntaco.pl\/sklep\/wp-json\/wp\/v2\/media?parent=659"}],"wp:term":[{"taxonomy":"product_brand","embeddable":true,"href":"https:\/\/syntaco.pl\/sklep\/wp-json\/wp\/v2\/product_brand?post=659"},{"taxonomy":"product_cat","embeddable":true,"href":"https:\/\/syntaco.pl\/sklep\/wp-json\/wp\/v2\/product_cat?post=659"},{"taxonomy":"product_tag","embeddable":true,"href":"https:\/\/syntaco.pl\/sklep\/wp-json\/wp\/v2\/product_tag?post=659"}],"curies":[{"name":"wp","href":"https:\/\/api.w.org\/{rel}","templated":true}]}}