{"id":459,"date":"2025-12-19T10:11:37","date_gmt":"2025-12-19T09:11:37","guid":{"rendered":"https:\/\/syntaco.artneo.pl\/produkt\/kajo-grease-glp-00-000-kht-fliesfett-glp-00-000-kht-5-kg\/"},"modified":"2026-02-04T11:30:25","modified_gmt":"2026-02-04T10:30:25","slug":"kajo-grease-glp-00-000-kht-fliesfett-glp-00-000-kht-5-kg","status":"publish","type":"product","link":"https:\/\/syntaco.pl\/sklep\/produkt\/kajo-grease-glp-00-000-kht-fliesfett-glp-00-000-kht-5-kg\/","title":{"rendered":"KAJO\u00ae-Grease GLP 00\/000 KHT (Flie\u00dffett GLP 00\/000 KHT) 5 kg"},"content":{"rendered":"<p>Smar na bazie myde\u0142 litowych do uk\u0142ad\u00f3w centralnego smarowania w pojazdach u\u017cytkowych. Zabezpiecza przed korozj\u0105 i utlenianiem. Posiada dobre w\u0142a\u015bciwo\u015bci adhezyjne i przejmowania nacisk\u00f3w<br \/>\nDopuszczenia:<br \/>\n\u2022 MB 264.0<br \/>\n\u2022 MAN 283 Li-P 00\/000<br \/>\n\u2022 VOGEL \/ SKF<br \/>\nKlasa NLGI: 00\/000<br \/>\nZakres temperatur stosowania:<br \/>\n-40 oC do +120 oC<br \/>\nKr\u00f3tkotrwale do +130 oC<br \/>\nGP 00\/000 K-40<\/p>\n","protected":false},"excerpt":{"rendered":"<p>Smar na bazie myde\u0142 litowych do uk\u0142ad\u00f3w centralnego smarowania w pojazdach u\u017cytkowych. Zabezpiecza przed korozj\u0105 i utlenianiem. Posiada dobre w\u0142a\u015bciwo\u015bci adhezyjne i przejmowania nacisk\u00f3w Dopuszczenia: \u2022 MB 264.0 \u2022 MAN 283 Li-P 00\/000 \u2022 VOGEL \/ SKF Klasa NLGI: 00\/000 Zakres temperatur stosowania: -40 oC do +120 oC Kr\u00f3tkotrwale do +130 oC GP 00\/000 K-40<\/p>\n","protected":false},"featured_media":458,"template":"","meta":{"_acf_changed":false},"product_brand":[38],"product_cat":[30,31],"product_tag":[],"class_list":{"0":"post-459","1":"product","2":"type-product","3":"status-publish","4":"has-post-thumbnail","6":"product_brand-kajo","7":"product_cat-produkty","8":"product_cat-smary","10":"first","11":"instock","12":"shipping-taxable","13":"purchasable","14":"product-type-simple"},"acf":[],"_links":{"self":[{"href":"https:\/\/syntaco.pl\/sklep\/wp-json\/wp\/v2\/product\/459","targetHints":{"allow":["GET"]}}],"collection":[{"href":"https:\/\/syntaco.pl\/sklep\/wp-json\/wp\/v2\/product"}],"about":[{"href":"https:\/\/syntaco.pl\/sklep\/wp-json\/wp\/v2\/types\/product"}],"wp:featuredmedia":[{"embeddable":true,"href":"https:\/\/syntaco.pl\/sklep\/wp-json\/wp\/v2\/media\/458"}],"wp:attachment":[{"href":"https:\/\/syntaco.pl\/sklep\/wp-json\/wp\/v2\/media?parent=459"}],"wp:term":[{"taxonomy":"product_brand","embeddable":true,"href":"https:\/\/syntaco.pl\/sklep\/wp-json\/wp\/v2\/product_brand?post=459"},{"taxonomy":"product_cat","embeddable":true,"href":"https:\/\/syntaco.pl\/sklep\/wp-json\/wp\/v2\/product_cat?post=459"},{"taxonomy":"product_tag","embeddable":true,"href":"https:\/\/syntaco.pl\/sklep\/wp-json\/wp\/v2\/product_tag?post=459"}],"curies":[{"name":"wp","href":"https:\/\/api.w.org\/{rel}","templated":true}]}}