{"id":453,"date":"2025-12-19T10:11:33","date_gmt":"2025-12-19T09:11:33","guid":{"rendered":"https:\/\/syntaco.artneo.pl\/produkt\/john-deere-plus-ii-15w-40-209l-oem-vc50002x200\/"},"modified":"2026-02-27T15:30:42","modified_gmt":"2026-02-27T14:30:42","slug":"john-deere-plus-ii-15w-40-209l-oem-vc50002x200","status":"publish","type":"product","link":"https:\/\/syntaco.pl\/sklep\/produkt\/john-deere-plus-ii-15w-40-209l-oem-vc50002x200\/","title":{"rendered":"JOHN DEERE PLUS II 15W-40 209L OEM VC50002X200"},"content":{"rendered":"<p>Wysokiej jako\u015bci olej silnikowy John Deere Plus 50 II 15W40 to \u015brodek, kt\u00f3ry wyd\u0142u\u017ca czas pomi\u0119dzy kolejnymi wymianami, zapewnia zwi\u0119kszon\u0105 trwa\u0142o\u015b\u0107 silnika oraz ochron\u0119 mechanizm\u00f3w. Olej ten zosta\u0142 stworzony z my\u015bl\u0105 o pojazdach terenowych i w skrajnych temperaturach. Olej John Deere Plus-50 II 15W40 utrzymuje lepko\u015b\u0107 du\u017co d\u0142u\u017cej ni\u017c standardowe oleje silnikowe, dzi\u0119ki czemu silnik mo\u017ce p\u0142ynnie kontynuowa\u0107 prac\u0119 nawet przez 500 godzin \u2013 sprawdzone to zosta\u0142o w te\u015bcie eksploatacji w warunkach terenowych JDQ-78X. Specyfikacja: API: CJ-4; CI-4; CH-4; SM; SL; SJ, ACEA: E9; E7, JDQ-78X<\/p>\n","protected":false},"excerpt":{"rendered":"<p>Wysokiej jako\u015bci olej silnikowy John Deere Plus 50 II 15W40 to \u015brodek, kt\u00f3ry wyd\u0142u\u017ca czas pomi\u0119dzy kolejnymi wymianami, zapewnia zwi\u0119kszon\u0105 trwa\u0142o\u015b\u0107 silnika oraz ochron\u0119 mechanizm\u00f3w. Olej ten zosta\u0142 stworzony z my\u015bl\u0105 o pojazdach terenowych i w skrajnych temperaturach. Olej John Deere Plus-50 II 15W40 utrzymuje lepko\u015b\u0107 du\u017co d\u0142u\u017cej ni\u017c standardowe oleje silnikowe, dzi\u0119ki czemu silnik [&hellip;]<\/p>\n","protected":false},"featured_media":452,"template":"","meta":{"_acf_changed":false},"product_brand":[40],"product_cat":[39,30],"product_tag":[],"class_list":{"0":"post-453","1":"product","2":"type-product","3":"status-publish","4":"has-post-thumbnail","6":"product_brand-john-deere","7":"product_cat-oleje-rolnicze","8":"product_cat-produkty","10":"first","11":"instock","12":"shipping-taxable","13":"purchasable","14":"product-type-simple"},"acf":[],"_links":{"self":[{"href":"https:\/\/syntaco.pl\/sklep\/wp-json\/wp\/v2\/product\/453","targetHints":{"allow":["GET"]}}],"collection":[{"href":"https:\/\/syntaco.pl\/sklep\/wp-json\/wp\/v2\/product"}],"about":[{"href":"https:\/\/syntaco.pl\/sklep\/wp-json\/wp\/v2\/types\/product"}],"wp:featuredmedia":[{"embeddable":true,"href":"https:\/\/syntaco.pl\/sklep\/wp-json\/wp\/v2\/media\/452"}],"wp:attachment":[{"href":"https:\/\/syntaco.pl\/sklep\/wp-json\/wp\/v2\/media?parent=453"}],"wp:term":[{"taxonomy":"product_brand","embeddable":true,"href":"https:\/\/syntaco.pl\/sklep\/wp-json\/wp\/v2\/product_brand?post=453"},{"taxonomy":"product_cat","embeddable":true,"href":"https:\/\/syntaco.pl\/sklep\/wp-json\/wp\/v2\/product_cat?post=453"},{"taxonomy":"product_tag","embeddable":true,"href":"https:\/\/syntaco.pl\/sklep\/wp-json\/wp\/v2\/product_tag?post=453"}],"curies":[{"name":"wp","href":"https:\/\/api.w.org\/{rel}","templated":true}]}}