{"id":405,"date":"2025-12-19T10:10:47","date_gmt":"2025-12-19T09:10:47","guid":{"rendered":"https:\/\/syntaco.artneo.pl\/produkt\/kajo-grease-ep-t2-whitegrease-ep-t2-25-kg-hobb\/"},"modified":"2026-04-15T09:40:21","modified_gmt":"2026-04-15T07:40:21","slug":"kajo-grease-ep-t2-whitegrease-ep-t2-25-kg-hobb","status":"publish","type":"product","link":"https:\/\/syntaco.pl\/sklep\/produkt\/kajo-grease-ep-t2-whitegrease-ep-t2-25-kg-hobb\/","title":{"rendered":"KAJO\u00ae-Grease EP T2 (Whitegrease EP T2) 25 kg Hobb."},"content":{"rendered":"<p>Smar EP na bazie myde\u0142 litowych z bia\u0142ymi dodatkami smarnymi i PTFE do smarowania prowadnic, powierzchni \u015blizgowych, wysi\u0119gnik\u00f3w teleskopowych, zabezpieczania zewn\u0119trznego lin stalowych. itp. Posiada bardzo dobre w\u0142a\u015bciwo\u015bci EP i bardzo dobr\u0105 przyczepno\u015b\u0107. Chroni przed korozj\u0105.<br \/>\nKlasa NLGI: 2<br \/>\nZakres temperatur stosowania:<br \/>\n-30 oC do +120 oC<br \/>\nKr\u00f3tkotrwale do +140 oC<br \/>\nKPF 2 K-30<\/p>\n","protected":false},"excerpt":{"rendered":"<p>Smar EP na bazie myde\u0142 litowych z bia\u0142ymi dodatkami smarnymi i PTFE do smarowania prowadnic, powierzchni \u015blizgowych, wysi\u0119gnik\u00f3w teleskopowych, zabezpieczania zewn\u0119trznego lin stalowych. itp. Posiada bardzo dobre w\u0142a\u015bciwo\u015bci EP i bardzo dobr\u0105 przyczepno\u015b\u0107. Chroni przed korozj\u0105. Klasa NLGI: 2 Zakres temperatur stosowania: -30 oC do +120 oC Kr\u00f3tkotrwale do +140 oC KPF 2 K-30<\/p>\n","protected":false},"featured_media":404,"template":"","meta":{"_acf_changed":false},"product_brand":[38],"product_cat":[30,31],"product_tag":[],"class_list":{"0":"post-405","1":"product","2":"type-product","3":"status-publish","4":"has-post-thumbnail","6":"product_brand-kajo","7":"product_cat-produkty","8":"product_cat-smary","10":"first","11":"instock","12":"shipping-taxable","13":"purchasable","14":"product-type-simple"},"acf":[],"_links":{"self":[{"href":"https:\/\/syntaco.pl\/sklep\/wp-json\/wp\/v2\/product\/405","targetHints":{"allow":["GET"]}}],"collection":[{"href":"https:\/\/syntaco.pl\/sklep\/wp-json\/wp\/v2\/product"}],"about":[{"href":"https:\/\/syntaco.pl\/sklep\/wp-json\/wp\/v2\/types\/product"}],"wp:featuredmedia":[{"embeddable":true,"href":"https:\/\/syntaco.pl\/sklep\/wp-json\/wp\/v2\/media\/404"}],"wp:attachment":[{"href":"https:\/\/syntaco.pl\/sklep\/wp-json\/wp\/v2\/media?parent=405"}],"wp:term":[{"taxonomy":"product_brand","embeddable":true,"href":"https:\/\/syntaco.pl\/sklep\/wp-json\/wp\/v2\/product_brand?post=405"},{"taxonomy":"product_cat","embeddable":true,"href":"https:\/\/syntaco.pl\/sklep\/wp-json\/wp\/v2\/product_cat?post=405"},{"taxonomy":"product_tag","embeddable":true,"href":"https:\/\/syntaco.pl\/sklep\/wp-json\/wp\/v2\/product_tag?post=405"}],"curies":[{"name":"wp","href":"https:\/\/api.w.org\/{rel}","templated":true}]}}