{"id":373,"date":"2025-12-19T10:10:14","date_gmt":"2025-12-19T09:10:14","guid":{"rendered":"https:\/\/syntaco.artneo.pl\/produkt\/qarmax-smar-maszynowy-2-42kg\/"},"modified":"2026-04-04T09:31:22","modified_gmt":"2026-04-04T07:31:22","slug":"qarmax-smar-maszynowy-2-42kg","status":"publish","type":"product","link":"https:\/\/syntaco.pl\/sklep\/produkt\/qarmax-smar-maszynowy-2-42kg\/","title":{"rendered":"QARMAX SMAR MASZYNOWY 2 42kg"},"content":{"rendered":"<p>Do smarowania \u0142o\u017cysk tocznych. Odporny na dzia\u0142anie wody. Mo\u017ce by\u0107 stosowany w uk\u0142adach centralnego smarowania.<br \/>\nTemin wa\u017cno\u015bci: 36 miesi\u0119cy od daty produkcji.<br \/>\nTemperatura pracy: -20C do +60C<\/p>\n","protected":false},"excerpt":{"rendered":"<p>Do smarowania \u0142o\u017cysk tocznych. Odporny na dzia\u0142anie wody. Mo\u017ce by\u0107 stosowany w uk\u0142adach centralnego smarowania. Temin wa\u017cno\u015bci: 36 miesi\u0119cy od daty produkcji. Temperatura pracy: -20C do +60C<\/p>\n","protected":false},"featured_media":372,"template":"","meta":{"_acf_changed":false},"product_brand":[32],"product_cat":[30,31],"product_tag":[],"class_list":{"0":"post-373","1":"product","2":"type-product","3":"status-publish","4":"has-post-thumbnail","6":"product_brand-qarmax","7":"product_cat-produkty","8":"product_cat-smary","10":"first","11":"instock","12":"shipping-taxable","13":"purchasable","14":"product-type-simple"},"acf":[],"_links":{"self":[{"href":"https:\/\/syntaco.pl\/sklep\/wp-json\/wp\/v2\/product\/373","targetHints":{"allow":["GET"]}}],"collection":[{"href":"https:\/\/syntaco.pl\/sklep\/wp-json\/wp\/v2\/product"}],"about":[{"href":"https:\/\/syntaco.pl\/sklep\/wp-json\/wp\/v2\/types\/product"}],"wp:featuredmedia":[{"embeddable":true,"href":"https:\/\/syntaco.pl\/sklep\/wp-json\/wp\/v2\/media\/372"}],"wp:attachment":[{"href":"https:\/\/syntaco.pl\/sklep\/wp-json\/wp\/v2\/media?parent=373"}],"wp:term":[{"taxonomy":"product_brand","embeddable":true,"href":"https:\/\/syntaco.pl\/sklep\/wp-json\/wp\/v2\/product_brand?post=373"},{"taxonomy":"product_cat","embeddable":true,"href":"https:\/\/syntaco.pl\/sklep\/wp-json\/wp\/v2\/product_cat?post=373"},{"taxonomy":"product_tag","embeddable":true,"href":"https:\/\/syntaco.pl\/sklep\/wp-json\/wp\/v2\/product_tag?post=373"}],"curies":[{"name":"wp","href":"https:\/\/api.w.org\/{rel}","templated":true}]}}