{"id":324,"date":"2025-12-19T10:09:23","date_gmt":"2025-12-19T09:09:23","guid":{"rendered":"https:\/\/syntaco.artneo.pl\/produkt\/qarmax-smar-moliten-ep-23-45kg\/"},"modified":"2026-04-04T09:31:08","modified_gmt":"2026-04-04T07:31:08","slug":"qarmax-smar-moliten-ep-23-45kg","status":"publish","type":"product","link":"https:\/\/syntaco.pl\/sklep\/produkt\/qarmax-smar-moliten-ep-23-45kg\/","title":{"rendered":"QARMAX SMAR MOLITEN EP-23 4,5KG"},"content":{"rendered":"<p>Do smarowania \u0142o\u017cysk tocznych i \u015blizgowych pracuj\u0105cych przy wysokich, udarowych obci\u0105\u017ceniach np. przegub\u00f3w homokinetycznych i kulowych, po\u0142\u0105cze\u0144 gwintowych w maszynach i pojazdach. Odporny na dzia\u0142anie wody. Do stosowania w miejscach gdzie wyst\u0119puje cz\u0119sta zmiana kierunku ruchu.<br \/>\n-20\u00b0C + 200\u00b0C<\/p>\n","protected":false},"excerpt":{"rendered":"<p>Do smarowania \u0142o\u017cysk tocznych i \u015blizgowych pracuj\u0105cych przy wysokich, udarowych obci\u0105\u017ceniach np. przegub\u00f3w homokinetycznych i kulowych, po\u0142\u0105cze\u0144 gwintowych w maszynach i pojazdach. Odporny na dzia\u0142anie wody. Do stosowania w miejscach gdzie wyst\u0119puje cz\u0119sta zmiana kierunku ruchu. -20\u00b0C + 200\u00b0C<\/p>\n","protected":false},"featured_media":321,"template":"","meta":{"_acf_changed":false},"product_brand":[32],"product_cat":[30,31],"product_tag":[],"class_list":{"0":"post-324","1":"product","2":"type-product","3":"status-publish","4":"has-post-thumbnail","6":"product_brand-qarmax","7":"product_cat-produkty","8":"product_cat-smary","10":"first","11":"instock","12":"shipping-taxable","13":"purchasable","14":"product-type-simple"},"acf":[],"_links":{"self":[{"href":"https:\/\/syntaco.pl\/sklep\/wp-json\/wp\/v2\/product\/324","targetHints":{"allow":["GET"]}}],"collection":[{"href":"https:\/\/syntaco.pl\/sklep\/wp-json\/wp\/v2\/product"}],"about":[{"href":"https:\/\/syntaco.pl\/sklep\/wp-json\/wp\/v2\/types\/product"}],"wp:featuredmedia":[{"embeddable":true,"href":"https:\/\/syntaco.pl\/sklep\/wp-json\/wp\/v2\/media\/321"}],"wp:attachment":[{"href":"https:\/\/syntaco.pl\/sklep\/wp-json\/wp\/v2\/media?parent=324"}],"wp:term":[{"taxonomy":"product_brand","embeddable":true,"href":"https:\/\/syntaco.pl\/sklep\/wp-json\/wp\/v2\/product_brand?post=324"},{"taxonomy":"product_cat","embeddable":true,"href":"https:\/\/syntaco.pl\/sklep\/wp-json\/wp\/v2\/product_cat?post=324"},{"taxonomy":"product_tag","embeddable":true,"href":"https:\/\/syntaco.pl\/sklep\/wp-json\/wp\/v2\/product_tag?post=324"}],"curies":[{"name":"wp","href":"https:\/\/api.w.org\/{rel}","templated":true}]}}