{"id":240,"date":"2025-12-19T10:08:05","date_gmt":"2025-12-19T09:08:05","guid":{"rendered":"https:\/\/syntaco.artneo.pl\/produkt\/qarmax-smar-ep-0-17kg-metal\/"},"modified":"2026-04-04T09:30:49","modified_gmt":"2026-04-04T07:30:49","slug":"qarmax-smar-ep-0-17kg-metal","status":"publish","type":"product","link":"https:\/\/syntaco.pl\/sklep\/produkt\/qarmax-smar-ep-0-17kg-metal\/","title":{"rendered":"QARMAX SMAR EP-0 17kg metal"},"content":{"rendered":"<p>Do smarowania \u0142o\u017cysk tocznych pracuj\u0105cych przy wysokich obci\u0105\u017ceniach promieniowych, udarowych i osiowych.<br \/>\n-30\u00b0C + 140\u00b0C<\/p>\n","protected":false},"excerpt":{"rendered":"<p>Do smarowania \u0142o\u017cysk tocznych pracuj\u0105cych przy wysokich obci\u0105\u017ceniach promieniowych, udarowych i osiowych. -30\u00b0C + 140\u00b0C<\/p>\n","protected":false},"featured_media":239,"template":"","meta":{"_acf_changed":false},"product_brand":[32],"product_cat":[30,31],"product_tag":[],"class_list":{"0":"post-240","1":"product","2":"type-product","3":"status-publish","4":"has-post-thumbnail","6":"product_brand-qarmax","7":"product_cat-produkty","8":"product_cat-smary","10":"first","11":"instock","12":"shipping-taxable","13":"purchasable","14":"product-type-simple"},"acf":[],"_links":{"self":[{"href":"https:\/\/syntaco.pl\/sklep\/wp-json\/wp\/v2\/product\/240","targetHints":{"allow":["GET"]}}],"collection":[{"href":"https:\/\/syntaco.pl\/sklep\/wp-json\/wp\/v2\/product"}],"about":[{"href":"https:\/\/syntaco.pl\/sklep\/wp-json\/wp\/v2\/types\/product"}],"wp:featuredmedia":[{"embeddable":true,"href":"https:\/\/syntaco.pl\/sklep\/wp-json\/wp\/v2\/media\/239"}],"wp:attachment":[{"href":"https:\/\/syntaco.pl\/sklep\/wp-json\/wp\/v2\/media?parent=240"}],"wp:term":[{"taxonomy":"product_brand","embeddable":true,"href":"https:\/\/syntaco.pl\/sklep\/wp-json\/wp\/v2\/product_brand?post=240"},{"taxonomy":"product_cat","embeddable":true,"href":"https:\/\/syntaco.pl\/sklep\/wp-json\/wp\/v2\/product_cat?post=240"},{"taxonomy":"product_tag","embeddable":true,"href":"https:\/\/syntaco.pl\/sklep\/wp-json\/wp\/v2\/product_tag?post=240"}],"curies":[{"name":"wp","href":"https:\/\/api.w.org\/{rel}","templated":true}]}}