{"id":1591,"date":"2025-12-19T10:30:33","date_gmt":"2025-12-19T09:30:33","guid":{"rendered":"https:\/\/syntaco.artneo.pl\/produkt\/qarmax-plyn-do-chlodnic-g12-evo-200l\/"},"modified":"2026-03-28T08:33:56","modified_gmt":"2026-03-28T07:33:56","slug":"qarmax-plyn-do-chlodnic-g12-evo-200l","status":"publish","type":"product","link":"https:\/\/syntaco.pl\/sklep\/produkt\/qarmax-plyn-do-chlodnic-g12-evo-200l\/","title":{"rendered":"QARMAX P\u0141YN DO CH\u0141ODNIC G12 EVO 200L"},"content":{"rendered":"<p>Qarmax G12evo to wysokogatunkowy p\u0142yn do ch\u0142odnic samochodowych na bazie glikolu etylenowego (MEG) nie zawieraj\u0105cy gliceryny cechuj\u0105cy si\u0119 wysokimi parametrami u\u017cytkowymi. Najnowocze\u015bniejszy p\u0142yn ch\u0142odz\u0105cy silnik klasy premium na bazie glikolu monoetylenowego z zaawansowan\u0105 technologi\u0105 ochrony przed korozj\u0105 Si-OAT. Chroni uk\u0142ad ch\u0142odzenia przed korozj\u0105, zamarzaniem i kawitacj\u0105 oraz zabezpiecza wszystkie elementy uk\u0142adu przed osadami.<br \/>\nDzi\u0119ki technologii Si-OAT kwasy organiczne wsp\u00f3\u0142pracuj\u0105 z krzemianami mineralnymi, zapewniaj\u0105c najlepsz\u0105 mo\u017cliw\u0105 ochron\u0119<br \/>\nSpecyfikacje i dopuszczenia:<br \/>\nASTM D3306<br \/>\nVW Group TL 774 L (G12evo<\/p>\n","protected":false},"excerpt":{"rendered":"<p>Qarmax G12evo to wysokogatunkowy p\u0142yn do ch\u0142odnic samochodowych na bazie glikolu etylenowego (MEG) nie zawieraj\u0105cy gliceryny cechuj\u0105cy si\u0119 wysokimi parametrami u\u017cytkowymi. Najnowocze\u015bniejszy p\u0142yn ch\u0142odz\u0105cy silnik klasy premium na bazie glikolu monoetylenowego z zaawansowan\u0105 technologi\u0105 ochrony przed korozj\u0105 Si-OAT. Chroni uk\u0142ad ch\u0142odzenia przed korozj\u0105, zamarzaniem i kawitacj\u0105 oraz zabezpiecza wszystkie elementy uk\u0142adu przed osadami. Dzi\u0119ki technologii [&hellip;]<\/p>\n","protected":false},"featured_media":1590,"template":"","meta":{"_acf_changed":false},"product_brand":[32],"product_cat":[51,30],"product_tag":[],"class_list":{"0":"post-1591","1":"product","2":"type-product","3":"status-publish","4":"has-post-thumbnail","6":"product_brand-qarmax","7":"product_cat-plyny-do-chlodnic","8":"product_cat-produkty","10":"first","11":"instock","12":"shipping-taxable","13":"purchasable","14":"product-type-simple"},"acf":[],"_links":{"self":[{"href":"https:\/\/syntaco.pl\/sklep\/wp-json\/wp\/v2\/product\/1591","targetHints":{"allow":["GET"]}}],"collection":[{"href":"https:\/\/syntaco.pl\/sklep\/wp-json\/wp\/v2\/product"}],"about":[{"href":"https:\/\/syntaco.pl\/sklep\/wp-json\/wp\/v2\/types\/product"}],"wp:featuredmedia":[{"embeddable":true,"href":"https:\/\/syntaco.pl\/sklep\/wp-json\/wp\/v2\/media\/1590"}],"wp:attachment":[{"href":"https:\/\/syntaco.pl\/sklep\/wp-json\/wp\/v2\/media?parent=1591"}],"wp:term":[{"taxonomy":"product_brand","embeddable":true,"href":"https:\/\/syntaco.pl\/sklep\/wp-json\/wp\/v2\/product_brand?post=1591"},{"taxonomy":"product_cat","embeddable":true,"href":"https:\/\/syntaco.pl\/sklep\/wp-json\/wp\/v2\/product_cat?post=1591"},{"taxonomy":"product_tag","embeddable":true,"href":"https:\/\/syntaco.pl\/sklep\/wp-json\/wp\/v2\/product_tag?post=1591"}],"curies":[{"name":"wp","href":"https:\/\/api.w.org\/{rel}","templated":true}]}}