{"id":1535,"date":"2025-12-19T10:29:39","date_gmt":"2025-12-19T09:29:39","guid":{"rendered":"https:\/\/syntaco.artneo.pl\/produkt\/volkswagen-vw-vag-olej-oryginalny-ll-iii-0w-30-504-00-507-00-1l-oem-gs55545m2eur\/"},"modified":"2026-03-26T09:34:10","modified_gmt":"2026-03-26T08:34:10","slug":"volkswagen-vw-vag-olej-oryginalny-ll-iii-0w-30-504-00-507-00-1l-oem-gs55545m2eur","status":"publish","type":"product","link":"https:\/\/syntaco.pl\/sklep\/produkt\/volkswagen-vw-vag-olej-oryginalny-ll-iii-0w-30-504-00-507-00-1l-oem-gs55545m2eur\/","title":{"rendered":"VOLKSWAGEN VW VAG OLEJ ORYGINALNY LL III 0W-30 504.00\/507.00 1L OEM GS55545M2EUR"},"content":{"rendered":"<p>Nowy olej spe\u0142nia norm\u0119 Volkswagen 504.00\/507.00<br \/>\nOlej syntetyczny nowej generacji zwracaj\u0105cy szczeg\u00f3ln\u0105 uwag\u0119 na redukcj\u0119 zu\u017cycia paliwa, redukcj\u0119 emisji CO2 oraz na precyzyjne opracowanie dla samochod\u00f3w Grupy Volkswagen. Olej nowej generacji spe\u0142nia ustawowe progi emisji spalin i optymalizuje prac\u0119 silnika.<br \/>\n1. Olej doskonale chroni elementy ruchome silnika przed zu\u017cyciem.<br \/>\n2. Redukuje zu\u017cycie paliwa oraz emisj\u0119 spalin.<br \/>\n3. Przywraca jednostce nap\u0119dowej w\u0142a\u015bciwe parametry pracy.<br \/>\n4. Zapewnia pe\u0142ni\u0119 mocy silnika spalinowego.<\/p>\n","protected":false},"excerpt":{"rendered":"<p>Nowy olej spe\u0142nia norm\u0119 Volkswagen 504.00\/507.00 Olej syntetyczny nowej generacji zwracaj\u0105cy szczeg\u00f3ln\u0105 uwag\u0119 na redukcj\u0119 zu\u017cycia paliwa, redukcj\u0119 emisji CO2 oraz na precyzyjne opracowanie dla samochod\u00f3w Grupy Volkswagen. Olej nowej generacji spe\u0142nia ustawowe progi emisji spalin i optymalizuje prac\u0119 silnika. 1. Olej doskonale chroni elementy ruchome silnika przed zu\u017cyciem. 2. Redukuje zu\u017cycie paliwa oraz emisj\u0119 [&hellip;]<\/p>\n","protected":false},"featured_media":1534,"template":"","meta":{"_acf_changed":false},"product_brand":[],"product_cat":[59],"product_tag":[],"class_list":{"0":"post-1535","1":"product","2":"type-product","3":"status-publish","4":"has-post-thumbnail","6":"product_cat-oleje-silnikowe","8":"first","9":"instock","10":"shipping-taxable","11":"purchasable","12":"product-type-simple"},"acf":[],"_links":{"self":[{"href":"https:\/\/syntaco.pl\/sklep\/wp-json\/wp\/v2\/product\/1535","targetHints":{"allow":["GET"]}}],"collection":[{"href":"https:\/\/syntaco.pl\/sklep\/wp-json\/wp\/v2\/product"}],"about":[{"href":"https:\/\/syntaco.pl\/sklep\/wp-json\/wp\/v2\/types\/product"}],"wp:featuredmedia":[{"embeddable":true,"href":"https:\/\/syntaco.pl\/sklep\/wp-json\/wp\/v2\/media\/1534"}],"wp:attachment":[{"href":"https:\/\/syntaco.pl\/sklep\/wp-json\/wp\/v2\/media?parent=1535"}],"wp:term":[{"taxonomy":"product_brand","embeddable":true,"href":"https:\/\/syntaco.pl\/sklep\/wp-json\/wp\/v2\/product_brand?post=1535"},{"taxonomy":"product_cat","embeddable":true,"href":"https:\/\/syntaco.pl\/sklep\/wp-json\/wp\/v2\/product_cat?post=1535"},{"taxonomy":"product_tag","embeddable":true,"href":"https:\/\/syntaco.pl\/sklep\/wp-json\/wp\/v2\/product_tag?post=1535"}],"curies":[{"name":"wp","href":"https:\/\/api.w.org\/{rel}","templated":true}]}}