{"id":1468,"date":"2025-12-19T10:28:46","date_gmt":"2025-12-19T09:28:46","guid":{"rendered":"https:\/\/syntaco.artneo.pl\/produkt\/q8-allroads-4t-10w-40-20l\/"},"modified":"2026-03-28T08:33:46","modified_gmt":"2026-03-28T07:33:46","slug":"q8-allroads-4t-10w-40-20l","status":"publish","type":"product","link":"https:\/\/syntaco.pl\/sklep\/produkt\/q8-allroads-4t-10w-40-20l\/","title":{"rendered":"Q8 Allroads 4T 10W-40 &#8211; 20L"},"content":{"rendered":"<p>Q8 Allroads 4T 10W-40 to doskona\u0142y syntetyczny olej motocyklowy sprawdzaj\u0105cy si\u0119 w r\u00f3\u017cnych warunkach jazdy. Jego solidna formu\u0142a zapewnia mocny film na wszystkich ruchomych cz\u0119\u015bciach, gwarantuj\u0105c wyj\u0105tkow\u0105 ochron\u0119 przed zu\u017cyciem i w\u017cerami przek\u0142adni we wszystkich warunkach jazdy. Q8 Allroads 4T 10W-40 przewy\u017csza najwy\u017csze mi\u0119dzynarodowe wymagania OEM. Q8 Allroads 4T 10W-40 stosowany jest w motocyklach szosowych (codzienny transport) i terenowych z suchym lub mokrym sprz\u0119g\u0142em. Stosowany jest zar\u00f3wno w silnikach ch\u0142odzonych powietrzem, jak i wod\u0105.<br \/>\nDoskona\u0142e osi\u0105gi silnika w ekstremalnych warunkach jazdy.<br \/>\nWyj\u0105tkowe w\u0142a\u015bciwo\u015bci przez ca\u0142y rok.<br \/>\nDoskona\u0142a ochrona przed rdz\u0105 i korozj\u0105.<br \/>\nDoskona\u0142e smarowanie \u0142o\u017cysk i ochrona cylindr\u00f3w przed zu\u017cyciem.<br \/>\nDoskona\u0142a czysto\u015b\u0107 i ochrona przed zu\u017cyciem wszystkich element\u00f3w.<\/p>\n","protected":false},"excerpt":{"rendered":"<p>Q8 Allroads 4T 10W-40 to doskona\u0142y syntetyczny olej motocyklowy sprawdzaj\u0105cy si\u0119 w r\u00f3\u017cnych warunkach jazdy. Jego solidna formu\u0142a zapewnia mocny film na wszystkich ruchomych cz\u0119\u015bciach, gwarantuj\u0105c wyj\u0105tkow\u0105 ochron\u0119 przed zu\u017cyciem i w\u017cerami przek\u0142adni we wszystkich warunkach jazdy. Q8 Allroads 4T 10W-40 przewy\u017csza najwy\u017csze mi\u0119dzynarodowe wymagania OEM. Q8 Allroads 4T 10W-40 stosowany jest w motocyklach szosowych [&hellip;]<\/p>\n","protected":false},"featured_media":1467,"template":"","meta":{"_acf_changed":false},"product_brand":[49],"product_cat":[48,30],"product_tag":[],"class_list":{"0":"post-1468","1":"product","2":"type-product","3":"status-publish","4":"has-post-thumbnail","6":"product_brand-kuwait-petroleum-belgium-n-v-s-a","7":"product_cat-oleje-do-motocykli-i-skuterow","8":"product_cat-produkty","10":"first","11":"instock","12":"shipping-taxable","13":"purchasable","14":"product-type-simple"},"acf":[],"_links":{"self":[{"href":"https:\/\/syntaco.pl\/sklep\/wp-json\/wp\/v2\/product\/1468","targetHints":{"allow":["GET"]}}],"collection":[{"href":"https:\/\/syntaco.pl\/sklep\/wp-json\/wp\/v2\/product"}],"about":[{"href":"https:\/\/syntaco.pl\/sklep\/wp-json\/wp\/v2\/types\/product"}],"wp:featuredmedia":[{"embeddable":true,"href":"https:\/\/syntaco.pl\/sklep\/wp-json\/wp\/v2\/media\/1467"}],"wp:attachment":[{"href":"https:\/\/syntaco.pl\/sklep\/wp-json\/wp\/v2\/media?parent=1468"}],"wp:term":[{"taxonomy":"product_brand","embeddable":true,"href":"https:\/\/syntaco.pl\/sklep\/wp-json\/wp\/v2\/product_brand?post=1468"},{"taxonomy":"product_cat","embeddable":true,"href":"https:\/\/syntaco.pl\/sklep\/wp-json\/wp\/v2\/product_cat?post=1468"},{"taxonomy":"product_tag","embeddable":true,"href":"https:\/\/syntaco.pl\/sklep\/wp-json\/wp\/v2\/product_tag?post=1468"}],"curies":[{"name":"wp","href":"https:\/\/api.w.org\/{rel}","templated":true}]}}