{"id":1462,"date":"2025-12-19T10:28:40","date_gmt":"2025-12-19T09:28:40","guid":{"rendered":"https:\/\/syntaco.artneo.pl\/produkt\/toyota-sae-0w-8-1l-oem-888084112\/"},"modified":"2026-04-15T09:43:33","modified_gmt":"2026-04-15T07:43:33","slug":"toyota-sae-0w-8-1l-oem-888084112","status":"publish","type":"product","link":"https:\/\/syntaco.pl\/sklep\/produkt\/toyota-sae-0w-8-1l-oem-888084112\/","title":{"rendered":"Toyota SAE 0W-8 1L OEM 888084112"},"content":{"rendered":"<p>Orygina\u0142 Toyota Oryginalne oleje Toyoty zwi\u0119kszaj\u0105 efektywno\u015b\u0107 paliwow\u0105, chroni\u0105 silnik w r\u00f3\u017cnych warunkach temperaturowych oraz przyczyniaj\u0105 si\u0119 do zmniejszenia emisji zanieczyszcze\u0144. S\u0105 szczeg\u00f3lnie zalecane do pojazd\u00f3w hybrydowych i silnik\u00f3w nowej generacji wyposa\u017conych w technologi\u0119 VVT-i.<\/p>\n","protected":false},"excerpt":{"rendered":"<p>Orygina\u0142 Toyota Oryginalne oleje Toyoty zwi\u0119kszaj\u0105 efektywno\u015b\u0107 paliwow\u0105, chroni\u0105 silnik w r\u00f3\u017cnych warunkach temperaturowych oraz przyczyniaj\u0105 si\u0119 do zmniejszenia emisji zanieczyszcze\u0144. S\u0105 szczeg\u00f3lnie zalecane do pojazd\u00f3w hybrydowych i silnik\u00f3w nowej generacji wyposa\u017conych w technologi\u0119 VVT-i.<\/p>\n","protected":false},"featured_media":1460,"template":"","meta":{"_acf_changed":false},"product_brand":[54],"product_cat":[59],"product_tag":[],"class_list":{"0":"post-1462","1":"product","2":"type-product","3":"status-publish","4":"has-post-thumbnail","6":"product_brand-toyota","7":"product_cat-oleje-silnikowe","9":"first","10":"instock","11":"shipping-taxable","12":"purchasable","13":"product-type-simple"},"acf":[],"_links":{"self":[{"href":"https:\/\/syntaco.pl\/sklep\/wp-json\/wp\/v2\/product\/1462","targetHints":{"allow":["GET"]}}],"collection":[{"href":"https:\/\/syntaco.pl\/sklep\/wp-json\/wp\/v2\/product"}],"about":[{"href":"https:\/\/syntaco.pl\/sklep\/wp-json\/wp\/v2\/types\/product"}],"wp:featuredmedia":[{"embeddable":true,"href":"https:\/\/syntaco.pl\/sklep\/wp-json\/wp\/v2\/media\/1460"}],"wp:attachment":[{"href":"https:\/\/syntaco.pl\/sklep\/wp-json\/wp\/v2\/media?parent=1462"}],"wp:term":[{"taxonomy":"product_brand","embeddable":true,"href":"https:\/\/syntaco.pl\/sklep\/wp-json\/wp\/v2\/product_brand?post=1462"},{"taxonomy":"product_cat","embeddable":true,"href":"https:\/\/syntaco.pl\/sklep\/wp-json\/wp\/v2\/product_cat?post=1462"},{"taxonomy":"product_tag","embeddable":true,"href":"https:\/\/syntaco.pl\/sklep\/wp-json\/wp\/v2\/product_tag?post=1462"}],"curies":[{"name":"wp","href":"https:\/\/api.w.org\/{rel}","templated":true}]}}