{"id":1450,"date":"2025-12-19T10:28:28","date_gmt":"2025-12-19T09:28:28","guid":{"rendered":"https:\/\/syntaco.artneo.pl\/produkt\/qarmax-plyn-do-chlodnic-37-hd-xlc-20l-zielony-fluorescencyjny\/"},"modified":"2026-03-19T15:40:54","modified_gmt":"2026-03-19T14:40:54","slug":"qarmax-plyn-do-chlodnic-37-hd-xlc-20l-zielony-fluorescencyjny","status":"publish","type":"product","link":"https:\/\/syntaco.pl\/sklep\/produkt\/qarmax-plyn-do-chlodnic-37-hd-xlc-20l-zielony-fluorescencyjny\/","title":{"rendered":"QARMAX P\u0141YN DO CH\u0141ODNIC -37 HD XLC 20L ZIELONY FLUORESCENCYJNY"},"content":{"rendered":"<p>P\u0142yn do ch\u0142odnic HD XLC<br \/>\nProdukt na bazie glikolu etylenowego, kt\u00f3ry zapewnia bezobs\u0142ugow\u0105 ochon\u0119 przed zamarzaniem i wrzeniem, ale takze przed korozj\u0105 oraz kawitacj\u0105. Wyd\u0142u\u017con\u0105 \u017cywotno\u015b\u0107 p\u0142ynu ch\u0142odz\u0105cego, cz\u0119sto na ca\u0142y czas okres eksploatacji silnika lub pojazdu, uzyskuje si\u0119 dzi\u0119ki zastosowaniu praktycznie niewyczerpuj\u0105cych sie inhibitor\u00f3w korozji. Zapewnia d\u0142ugotrwa\u0142\u0105 ochronne antykorozyjn\u0105 wszystkich silnik\u00f3w, w tym aluminium i stop\u00f3w \u017celaza przez co najmniej 650 000 km (ok. 8 000 godzin) w samochodach cie\u017carowych i autobusach lub 250 000km (ok. 2 000godzin) dla samochod\u00f3w osobowych lub 32 000 godzin lub 6 lat dla silnik\u00f3w stacjonarnych Zapewnia ochron\u0119 przed mrozem do -37 stopni C.<br \/>\nPosiada aprobaty:<br \/>\nFendt:Liebherr MD!-36-130; Valtra; DAF 74002; Paccar Leyland Truck DW03245403; Mercedes-Benz Trucks DTFR 29D110; Caterpillar MAK; CaterpillarGCM34; Cummins CES 14439; MAN 324 TYP SNF; MAN Energy Solutions CW MAN 175D, Mercedes-Benz 325.3; Mercedes-Benz 326.3; HItachi; Deutz DQC CB-14; Isuzu; Kobelco; Yanmar; VW TL774D\/F; Jenbacher TA 1000-0200; MTU MTL 5048; Tedom.<br \/>\nSpe\u0142nia poni\u017csze normy i specyfikacje:<br \/>\nASTM D3306; ASTM D6210; UNE 26-361-88\/1; FVV Helf R530; FVV Helf R443; NFR 15-601-91; Case New Holland MAT 3624; Case New Holland MAT3724; Cummins CES 14603; John Deere JDM H5; KOmatsu 07.892 (2017); Renault Trucks 41-01-001\/-s; Volvo Trucks; Volvo Penta; Iveco Truck 18-1830<br \/>\nKOLOR: ZIELONY FLUORESCENCYJNY<\/p>\n","protected":false},"excerpt":{"rendered":"<p>P\u0142yn do ch\u0142odnic HD XLC Produkt na bazie glikolu etylenowego, kt\u00f3ry zapewnia bezobs\u0142ugow\u0105 ochon\u0119 przed zamarzaniem i wrzeniem, ale takze przed korozj\u0105 oraz kawitacj\u0105. Wyd\u0142u\u017con\u0105 \u017cywotno\u015b\u0107 p\u0142ynu ch\u0142odz\u0105cego, cz\u0119sto na ca\u0142y czas okres eksploatacji silnika lub pojazdu, uzyskuje si\u0119 dzi\u0119ki zastosowaniu praktycznie niewyczerpuj\u0105cych sie inhibitor\u00f3w korozji. Zapewnia d\u0142ugotrwa\u0142\u0105 ochronne antykorozyjn\u0105 wszystkich silnik\u00f3w, w tym aluminium [&hellip;]<\/p>\n","protected":false},"featured_media":1449,"template":"","meta":{"_acf_changed":false},"product_brand":[32],"product_cat":[51,30],"product_tag":[],"class_list":{"0":"post-1450","1":"product","2":"type-product","3":"status-publish","4":"has-post-thumbnail","6":"product_brand-qarmax","7":"product_cat-plyny-do-chlodnic","8":"product_cat-produkty","10":"first","11":"instock","12":"shipping-taxable","13":"purchasable","14":"product-type-simple"},"acf":[],"_links":{"self":[{"href":"https:\/\/syntaco.pl\/sklep\/wp-json\/wp\/v2\/product\/1450","targetHints":{"allow":["GET"]}}],"collection":[{"href":"https:\/\/syntaco.pl\/sklep\/wp-json\/wp\/v2\/product"}],"about":[{"href":"https:\/\/syntaco.pl\/sklep\/wp-json\/wp\/v2\/types\/product"}],"wp:featuredmedia":[{"embeddable":true,"href":"https:\/\/syntaco.pl\/sklep\/wp-json\/wp\/v2\/media\/1449"}],"wp:attachment":[{"href":"https:\/\/syntaco.pl\/sklep\/wp-json\/wp\/v2\/media?parent=1450"}],"wp:term":[{"taxonomy":"product_brand","embeddable":true,"href":"https:\/\/syntaco.pl\/sklep\/wp-json\/wp\/v2\/product_brand?post=1450"},{"taxonomy":"product_cat","embeddable":true,"href":"https:\/\/syntaco.pl\/sklep\/wp-json\/wp\/v2\/product_cat?post=1450"},{"taxonomy":"product_tag","embeddable":true,"href":"https:\/\/syntaco.pl\/sklep\/wp-json\/wp\/v2\/product_tag?post=1450"}],"curies":[{"name":"wp","href":"https:\/\/api.w.org\/{rel}","templated":true}]}}