{"id":1433,"date":"2025-12-19T10:28:12","date_gmt":"2025-12-19T09:28:12","guid":{"rendered":"https:\/\/syntaco.artneo.pl\/produkt\/qarmax-koncentrat-plynu-do-chlodnic-g12-czerwony-60l\/"},"modified":"2026-03-28T08:33:40","modified_gmt":"2026-03-28T07:33:40","slug":"qarmax-koncentrat-plynu-do-chlodnic-g12-czerwony-60l","status":"publish","type":"product","link":"https:\/\/syntaco.pl\/sklep\/produkt\/qarmax-koncentrat-plynu-do-chlodnic-g12-czerwony-60l\/","title":{"rendered":"QARMAX KONCENTRAT P\u0141YNU DO CH\u0141ODNIC G12+ czerwony 60L"},"content":{"rendered":"<p>Qarmax G12+ LONG LIFE to wysokogatunkowy koncentrat p\u0142ynu do ch\u0142odnic samochodowych na bazie glikolu etylenowego (MEG) nie zawieraj\u0105cy gliceryny cechuj\u0105cy si\u0119 wysokimi parametrami u\u017cytkowymi.<br \/>\nDzi\u0119ki zawarto\u015bci szerokiego zestawu dodatk\u00f3w antykorozyjnych, antyutleniaczy, stabilizator\u00f3w i \u015brodk\u00f3w antypiennych skutecznie chroni metale uk\u0142adu ch\u0142odzenia przed korozj\u0105, a elementom gumowym zapewnia wieloletni\u0105 trwa\u0142o\u015b\u0107.<br \/>\nPrzeznaczony jest do stosowania w uk\u0142adach ch\u0142odzenia silnik\u00f3w samochod\u00f3w osobowych, dostawczych, ci\u0119\u017carowych i autobusach, maszynach budowlanych, sprz\u0119cie wojskowym, ci\u0105gnikach rolniczych oraz silnikach stacjonarnych wyposa\u017conych, zar\u00f3wno w ch\u0142odnice mosi\u0119\u017cne (miedziane) lutowane, jak i aluminiowe. Zapewnia ochron\u0119 uk\u0142adu ch\u0142odzenia silnika przez okres 5 lat lub 250 tys. km ci\u0105g\u0142ej eksploatacji.<br \/>\nSpecyfikacje i dopuszczenia:<br \/>\nPN93\/C-40008-10; PN-C-40007; ASTM D 5931-13; ASTM D 1287-11; PN 93\/C-40008-05<br \/>\nPN-C-4008-06:1993\/AZ 1:2000; ASTM D 3306; Audi\/Skoda\/VW\/Seat TL774D\/ F; Cummins 14603<br \/>\nQarmax G12+ wyst\u0119puje w formie gotowego do u\u017cycia p\u0142ynu oraz koncentratu, kt\u00f3ry w skali 1:1 po rozcie\u0144czeniu z wod\u0105 daje p\u0142yn do -37\u00b0C.<br \/>\nDost\u0119pne pojemno\u015bci: 1l, 5l, 20l, 60l, 200l, 1000l<\/p>\n","protected":false},"excerpt":{"rendered":"<p>Qarmax G12+ LONG LIFE to wysokogatunkowy koncentrat p\u0142ynu do ch\u0142odnic samochodowych na bazie glikolu etylenowego (MEG) nie zawieraj\u0105cy gliceryny cechuj\u0105cy si\u0119 wysokimi parametrami u\u017cytkowymi. Dzi\u0119ki zawarto\u015bci szerokiego zestawu dodatk\u00f3w antykorozyjnych, antyutleniaczy, stabilizator\u00f3w i \u015brodk\u00f3w antypiennych skutecznie chroni metale uk\u0142adu ch\u0142odzenia przed korozj\u0105, a elementom gumowym zapewnia wieloletni\u0105 trwa\u0142o\u015b\u0107. Przeznaczony jest do stosowania w uk\u0142adach ch\u0142odzenia [&hellip;]<\/p>\n","protected":false},"featured_media":1432,"template":"","meta":{"_acf_changed":false},"product_brand":[32],"product_cat":[51,30],"product_tag":[],"class_list":{"0":"post-1433","1":"product","2":"type-product","3":"status-publish","4":"has-post-thumbnail","6":"product_brand-qarmax","7":"product_cat-plyny-do-chlodnic","8":"product_cat-produkty","10":"first","11":"instock","12":"shipping-taxable","13":"purchasable","14":"product-type-simple"},"acf":[],"_links":{"self":[{"href":"https:\/\/syntaco.pl\/sklep\/wp-json\/wp\/v2\/product\/1433","targetHints":{"allow":["GET"]}}],"collection":[{"href":"https:\/\/syntaco.pl\/sklep\/wp-json\/wp\/v2\/product"}],"about":[{"href":"https:\/\/syntaco.pl\/sklep\/wp-json\/wp\/v2\/types\/product"}],"wp:featuredmedia":[{"embeddable":true,"href":"https:\/\/syntaco.pl\/sklep\/wp-json\/wp\/v2\/media\/1432"}],"wp:attachment":[{"href":"https:\/\/syntaco.pl\/sklep\/wp-json\/wp\/v2\/media?parent=1433"}],"wp:term":[{"taxonomy":"product_brand","embeddable":true,"href":"https:\/\/syntaco.pl\/sklep\/wp-json\/wp\/v2\/product_brand?post=1433"},{"taxonomy":"product_cat","embeddable":true,"href":"https:\/\/syntaco.pl\/sklep\/wp-json\/wp\/v2\/product_cat?post=1433"},{"taxonomy":"product_tag","embeddable":true,"href":"https:\/\/syntaco.pl\/sklep\/wp-json\/wp\/v2\/product_tag?post=1433"}],"curies":[{"name":"wp","href":"https:\/\/api.w.org\/{rel}","templated":true}]}}