{"id":1252,"date":"2025-12-19T10:23:33","date_gmt":"2025-12-19T09:23:33","guid":{"rendered":"https:\/\/syntaco.artneo.pl\/produkt\/toyota-sae-5w-30-fe-5l-oem-888080845-doypack\/"},"modified":"2026-04-15T09:43:15","modified_gmt":"2026-04-15T07:43:15","slug":"toyota-sae-5w-30-fe-5l-oem-888080845-doypack","status":"publish","type":"product","link":"https:\/\/syntaco.pl\/sklep\/produkt\/toyota-sae-5w-30-fe-5l-oem-888080845-doypack\/","title":{"rendered":"Toyota SAE 5W-30 FE 5L OEM 888080845 DOYPACK"},"content":{"rendered":"<p>Olej ten jest przeznaczony do samochod\u00f3w z silnikami o zap\u0142onie iskrowym. Zapewnia optymalne osi\u0105gi silnika, ca\u0142kowicie spe\u0142nia wymogi gwarancyjne Toyoty, niski wsp\u00f3\u0142czynnik tarcia powoduje zmneijszenie zu\u017cycia paliwa i ograniczenie emisji zanieczyszcze\u0144, podczas rozruchu zapewnia wi\u0119ksz\u0105 ochron\u0119 przed zuzyciem.<br \/>\nPakowane &#8211; doypack z korkiem + karton<\/p>\n","protected":false},"excerpt":{"rendered":"<p>Olej ten jest przeznaczony do samochod\u00f3w z silnikami o zap\u0142onie iskrowym. Zapewnia optymalne osi\u0105gi silnika, ca\u0142kowicie spe\u0142nia wymogi gwarancyjne Toyoty, niski wsp\u00f3\u0142czynnik tarcia powoduje zmneijszenie zu\u017cycia paliwa i ograniczenie emisji zanieczyszcze\u0144, podczas rozruchu zapewnia wi\u0119ksz\u0105 ochron\u0119 przed zuzyciem. Pakowane &#8211; doypack z korkiem + karton<\/p>\n","protected":false},"featured_media":1249,"template":"","meta":{"_acf_changed":false},"product_brand":[54],"product_cat":[59],"product_tag":[],"class_list":{"0":"post-1252","1":"product","2":"type-product","3":"status-publish","4":"has-post-thumbnail","6":"product_brand-toyota","7":"product_cat-oleje-silnikowe","9":"first","10":"instock","11":"shipping-taxable","12":"purchasable","13":"product-type-simple"},"acf":[],"_links":{"self":[{"href":"https:\/\/syntaco.pl\/sklep\/wp-json\/wp\/v2\/product\/1252","targetHints":{"allow":["GET"]}}],"collection":[{"href":"https:\/\/syntaco.pl\/sklep\/wp-json\/wp\/v2\/product"}],"about":[{"href":"https:\/\/syntaco.pl\/sklep\/wp-json\/wp\/v2\/types\/product"}],"wp:featuredmedia":[{"embeddable":true,"href":"https:\/\/syntaco.pl\/sklep\/wp-json\/wp\/v2\/media\/1249"}],"wp:attachment":[{"href":"https:\/\/syntaco.pl\/sklep\/wp-json\/wp\/v2\/media?parent=1252"}],"wp:term":[{"taxonomy":"product_brand","embeddable":true,"href":"https:\/\/syntaco.pl\/sklep\/wp-json\/wp\/v2\/product_brand?post=1252"},{"taxonomy":"product_cat","embeddable":true,"href":"https:\/\/syntaco.pl\/sklep\/wp-json\/wp\/v2\/product_cat?post=1252"},{"taxonomy":"product_tag","embeddable":true,"href":"https:\/\/syntaco.pl\/sklep\/wp-json\/wp\/v2\/product_tag?post=1252"}],"curies":[{"name":"wp","href":"https:\/\/api.w.org\/{rel}","templated":true}]}}