{"id":1217,"date":"2025-12-19T10:23:06","date_gmt":"2025-12-19T09:23:06","guid":{"rendered":"https:\/\/syntaco.artneo.pl\/produkt\/q8-unishift-pc-synt-75w-90-1l\/"},"modified":"2026-03-28T08:33:16","modified_gmt":"2026-03-28T07:33:16","slug":"q8-unishift-pc-synt-75w-90-1l","status":"publish","type":"product","link":"https:\/\/syntaco.pl\/sklep\/produkt\/q8-unishift-pc-synt-75w-90-1l\/","title":{"rendered":"Q8 Unishift PC Synt 75W-90 &#8211; 1L"},"content":{"rendered":"<p>Q8 Unishift PC Synt 75W-90 to najwy\u017cszej jako\u015bci olej do r\u0119cznych skrzy\u0144 bieg\u00f3w w samochodach osobowych i lekkich pojazdach u\u017cytkowych. Ten wszechstronny \u015brodek smarny zapewnia wyj\u0105tkow\u0105 ochron\u0119 i trwa\u0142o\u015b\u0107, nawet przy ekstremalnym ci\u015bnieniu, oraz najlepsz\u0105 w swojej klasie stabilno\u015b\u0107 termiczn\u0105, dzi\u0119ki czemu nadaje si\u0119 do szerokiej gamy zastosowa\u0144 w samochodach osobowych. Spe\u0142nia on wymagania wi\u0119kszo\u015bci producent\u00f3w OEM w oparciu o API GL-4. Q8 Unishift PC Synt 75W-90 jest uniwersalnym \u015brodkiem smarnym przeznaczonym do stosowania w samochodach osobowych i lekkich manualnych skrzyniach bieg\u00f3w i skrzyniach bieg\u00f3w typu synchromesh, szczeg\u00f3lnie w sytuacjach przenoszenia du\u017cych obci\u0105\u017ce\u0144. Spe\u0142nia on specyfikacj\u0119 API GL-4 oraz wymagania wi\u0119kszo\u015bci producent\u00f3w europejskich i azjatyckich.<br \/>\nWyj\u0105tkowa p\u0142ynno\u015b\u0107 w niskich temperaturach i szeroki zakres temperatur pracy.<br \/>\nWyj\u0105tkowa redukcja tarcia wewn\u0119trznego.<br \/>\nDoskona\u0142a \u0142atwo\u015b\u0107 zmiany bieg\u00f3w w niskich temperaturach.<br \/>\nDoskona\u0142a ochrona przed zu\u017cyciem i wyd\u0142u\u017cenie \u017cywotno\u015bci komponent\u00f3w.<br \/>\nDoskona\u0142a ochrona przed rdz\u0105 i korozj\u0105.<br \/>\nOpakowanie:<br \/>\n1 L<br \/>\n20 L<br \/>\n208 L<\/p>\n","protected":false},"excerpt":{"rendered":"<p>Q8 Unishift PC Synt 75W-90 to najwy\u017cszej jako\u015bci olej do r\u0119cznych skrzy\u0144 bieg\u00f3w w samochodach osobowych i lekkich pojazdach u\u017cytkowych. Ten wszechstronny \u015brodek smarny zapewnia wyj\u0105tkow\u0105 ochron\u0119 i trwa\u0142o\u015b\u0107, nawet przy ekstremalnym ci\u015bnieniu, oraz najlepsz\u0105 w swojej klasie stabilno\u015b\u0107 termiczn\u0105, dzi\u0119ki czemu nadaje si\u0119 do szerokiej gamy zastosowa\u0144 w samochodach osobowych. Spe\u0142nia on wymagania wi\u0119kszo\u015bci [&hellip;]<\/p>\n","protected":false},"featured_media":1216,"template":"","meta":{"_acf_changed":false},"product_brand":[49],"product_cat":[36,30],"product_tag":[],"class_list":{"0":"post-1217","1":"product","2":"type-product","3":"status-publish","4":"has-post-thumbnail","6":"product_brand-kuwait-petroleum-belgium-n-v-s-a","7":"product_cat-oleje-przekladniowe","8":"product_cat-produkty","10":"first","11":"instock","12":"shipping-taxable","13":"purchasable","14":"product-type-simple"},"acf":[],"_links":{"self":[{"href":"https:\/\/syntaco.pl\/sklep\/wp-json\/wp\/v2\/product\/1217","targetHints":{"allow":["GET"]}}],"collection":[{"href":"https:\/\/syntaco.pl\/sklep\/wp-json\/wp\/v2\/product"}],"about":[{"href":"https:\/\/syntaco.pl\/sklep\/wp-json\/wp\/v2\/types\/product"}],"wp:featuredmedia":[{"embeddable":true,"href":"https:\/\/syntaco.pl\/sklep\/wp-json\/wp\/v2\/media\/1216"}],"wp:attachment":[{"href":"https:\/\/syntaco.pl\/sklep\/wp-json\/wp\/v2\/media?parent=1217"}],"wp:term":[{"taxonomy":"product_brand","embeddable":true,"href":"https:\/\/syntaco.pl\/sklep\/wp-json\/wp\/v2\/product_brand?post=1217"},{"taxonomy":"product_cat","embeddable":true,"href":"https:\/\/syntaco.pl\/sklep\/wp-json\/wp\/v2\/product_cat?post=1217"},{"taxonomy":"product_tag","embeddable":true,"href":"https:\/\/syntaco.pl\/sklep\/wp-json\/wp\/v2\/product_tag?post=1217"}],"curies":[{"name":"wp","href":"https:\/\/api.w.org\/{rel}","templated":true}]}}