{"id":1167,"date":"2025-12-19T10:22:26","date_gmt":"2025-12-19T09:22:26","guid":{"rendered":"https:\/\/syntaco.artneo.pl\/produkt\/q8-to-4-fluid-30-20l-s\/"},"modified":"2026-03-28T08:33:10","modified_gmt":"2026-03-28T07:33:10","slug":"q8-to-4-fluid-30-20l-s","status":"publish","type":"product","link":"https:\/\/syntaco.pl\/sklep\/produkt\/q8-to-4-fluid-30-20l-s\/","title":{"rendered":"Q8 To-4 Fluid 30 &#8211; 20L (s)"},"content":{"rendered":"<p>Q8 TO-4 Fluid SAE 30 doskona\u0142ym olejem do przek\u0142adni, opracowanym specjalnie dla pojazd\u00f3w Caterpillar, zapewniaj\u0105cym ochron\u0119 w niskich temperaturach i zapobiegaj\u0105cym utlenianiu i tworzeniu si\u0119 osad\u00f3w.<br \/>\nKorzy\u015bci:<br \/>\n\u2022\tDoskona\u0142a ochrona przek\u0142adni w warunkach obci\u0105\u017ce\u0144 udarowych.<br \/>\n\u2022\tDoskona\u0142a ochrona przed zu\u017cyciem w trudnych warunkach pracy.<br \/>\n\u2022\tDoskona\u0142a ochrona przed zu\u017cyciem i wyd\u0142u\u017cenie \u017cywotno\u015bci komponent\u00f3w.<br \/>\n\u2022\tDoskona\u0142a ochrona przed rdz\u0105 i korozj\u0105.<br \/>\nSpecyfikacje:<br \/>\nAllison C-4 Komatsu Dresser Micro-Clutch<br \/>\nCaterpillar TO-4 ZF TE-ML 03C<\/p>\n","protected":false},"excerpt":{"rendered":"<p>Q8 TO-4 Fluid SAE 30 doskona\u0142ym olejem do przek\u0142adni, opracowanym specjalnie dla pojazd\u00f3w Caterpillar, zapewniaj\u0105cym ochron\u0119 w niskich temperaturach i zapobiegaj\u0105cym utlenianiu i tworzeniu si\u0119 osad\u00f3w. Korzy\u015bci: \u2022 Doskona\u0142a ochrona przek\u0142adni w warunkach obci\u0105\u017ce\u0144 udarowych. \u2022 Doskona\u0142a ochrona przed zu\u017cyciem w trudnych warunkach pracy. \u2022 Doskona\u0142a ochrona przed zu\u017cyciem i wyd\u0142u\u017cenie \u017cywotno\u015bci komponent\u00f3w. \u2022 Doskona\u0142a [&hellip;]<\/p>\n","protected":false},"featured_media":1166,"template":"","meta":{"_acf_changed":false},"product_brand":[49],"product_cat":[36,30],"product_tag":[],"class_list":{"0":"post-1167","1":"product","2":"type-product","3":"status-publish","4":"has-post-thumbnail","6":"product_brand-kuwait-petroleum-belgium-n-v-s-a","7":"product_cat-oleje-przekladniowe","8":"product_cat-produkty","10":"first","11":"instock","12":"shipping-taxable","13":"purchasable","14":"product-type-simple"},"acf":[],"_links":{"self":[{"href":"https:\/\/syntaco.pl\/sklep\/wp-json\/wp\/v2\/product\/1167","targetHints":{"allow":["GET"]}}],"collection":[{"href":"https:\/\/syntaco.pl\/sklep\/wp-json\/wp\/v2\/product"}],"about":[{"href":"https:\/\/syntaco.pl\/sklep\/wp-json\/wp\/v2\/types\/product"}],"wp:featuredmedia":[{"embeddable":true,"href":"https:\/\/syntaco.pl\/sklep\/wp-json\/wp\/v2\/media\/1166"}],"wp:attachment":[{"href":"https:\/\/syntaco.pl\/sklep\/wp-json\/wp\/v2\/media?parent=1167"}],"wp:term":[{"taxonomy":"product_brand","embeddable":true,"href":"https:\/\/syntaco.pl\/sklep\/wp-json\/wp\/v2\/product_brand?post=1167"},{"taxonomy":"product_cat","embeddable":true,"href":"https:\/\/syntaco.pl\/sklep\/wp-json\/wp\/v2\/product_cat?post=1167"},{"taxonomy":"product_tag","embeddable":true,"href":"https:\/\/syntaco.pl\/sklep\/wp-json\/wp\/v2\/product_tag?post=1167"}],"curies":[{"name":"wp","href":"https:\/\/api.w.org\/{rel}","templated":true}]}}