{"id":1159,"date":"2025-12-19T10:22:19","date_gmt":"2025-12-19T09:22:19","guid":{"rendered":"https:\/\/syntaco.artneo.pl\/produkt\/q8-t-65-75w-90-5l\/"},"modified":"2026-03-28T08:33:08","modified_gmt":"2026-03-28T07:33:08","slug":"q8-t-65-75w-90-5l","status":"publish","type":"product","link":"https:\/\/syntaco.pl\/sklep\/produkt\/q8-t-65-75w-90-5l\/","title":{"rendered":"Q8 T 65 75W-90 &#8211; 5L"},"content":{"rendered":"<p>Q8 T 65 75W-90 to znakomity syntetyczny olej do cz\u0119\u015bci pracuj\u0105cych w ci\u0119\u017ckich warunkach, takich jak tylne mosty, przek\u0142adnie g\u0142\u00f3wne wymagaj\u0105cych p\u0142ynno\u015bci w niskich temperaturach.<br \/>\nKorzy\u015bci<br \/>\n\u2022\tCa\u0142kowicie syntetyczny zapewniaj\u0105cy doskona\u0142\u0105 stabilno\u015b\u0107 termiczn\u0105..<br \/>\n\u2022\tOszcz\u0119dno\u015b\u0107 paliwa, szczeg\u00f3lnie przy zastosowaniu w mostach.<br \/>\n\u2022\tObni\u017cenie temperatury pracy uk\u0142adu nap\u0119dowego.<br \/>\n\u2022\tDoskona\u0142e zmniejszenie tarcia wewn\u0119trznego.<br \/>\n\u2022\tDoskona\u0142a ochrona przed rdz\u0105 i korozj\u0105.<br \/>\nSpecyfikacje i aprobaty: API Gl-5, ClarkALC-1 5M 7-80 KE, Eaton\/fuller Bulletin 2052, Eaton\/Fuller Bulletin 2053, Eaton\/Fuller Form 121, Ford M2C 175-A, GM 1940759 (90188620), MB 135.0, Rockwell International 0-76-E, Tatra TDS 100\/40, Volvo 97312 (<\/p>\n","protected":false},"excerpt":{"rendered":"<p>Q8 T 65 75W-90 to znakomity syntetyczny olej do cz\u0119\u015bci pracuj\u0105cych w ci\u0119\u017ckich warunkach, takich jak tylne mosty, przek\u0142adnie g\u0142\u00f3wne wymagaj\u0105cych p\u0142ynno\u015bci w niskich temperaturach. Korzy\u015bci \u2022 Ca\u0142kowicie syntetyczny zapewniaj\u0105cy doskona\u0142\u0105 stabilno\u015b\u0107 termiczn\u0105.. \u2022 Oszcz\u0119dno\u015b\u0107 paliwa, szczeg\u00f3lnie przy zastosowaniu w mostach. \u2022 Obni\u017cenie temperatury pracy uk\u0142adu nap\u0119dowego. \u2022 Doskona\u0142e zmniejszenie tarcia wewn\u0119trznego. \u2022 Doskona\u0142a ochrona [&hellip;]<\/p>\n","protected":false},"featured_media":1157,"template":"","meta":{"_acf_changed":false},"product_brand":[49],"product_cat":[36,30],"product_tag":[],"class_list":{"0":"post-1159","1":"product","2":"type-product","3":"status-publish","4":"has-post-thumbnail","6":"product_brand-kuwait-petroleum-belgium-n-v-s-a","7":"product_cat-oleje-przekladniowe","8":"product_cat-produkty","10":"first","11":"instock","12":"shipping-taxable","13":"purchasable","14":"product-type-simple"},"acf":[],"_links":{"self":[{"href":"https:\/\/syntaco.pl\/sklep\/wp-json\/wp\/v2\/product\/1159","targetHints":{"allow":["GET"]}}],"collection":[{"href":"https:\/\/syntaco.pl\/sklep\/wp-json\/wp\/v2\/product"}],"about":[{"href":"https:\/\/syntaco.pl\/sklep\/wp-json\/wp\/v2\/types\/product"}],"wp:featuredmedia":[{"embeddable":true,"href":"https:\/\/syntaco.pl\/sklep\/wp-json\/wp\/v2\/media\/1157"}],"wp:attachment":[{"href":"https:\/\/syntaco.pl\/sklep\/wp-json\/wp\/v2\/media?parent=1159"}],"wp:term":[{"taxonomy":"product_brand","embeddable":true,"href":"https:\/\/syntaco.pl\/sklep\/wp-json\/wp\/v2\/product_brand?post=1159"},{"taxonomy":"product_cat","embeddable":true,"href":"https:\/\/syntaco.pl\/sklep\/wp-json\/wp\/v2\/product_cat?post=1159"},{"taxonomy":"product_tag","embeddable":true,"href":"https:\/\/syntaco.pl\/sklep\/wp-json\/wp\/v2\/product_tag?post=1159"}],"curies":[{"name":"wp","href":"https:\/\/api.w.org\/{rel}","templated":true}]}}