{"id":1125,"date":"2025-12-19T10:21:48","date_gmt":"2025-12-19T09:21:48","guid":{"rendered":"https:\/\/syntaco.artneo.pl\/produkt\/q8-f-truck-8510-10w-40-208l\/"},"modified":"2026-04-15T09:43:07","modified_gmt":"2026-04-15T07:43:07","slug":"q8-f-truck-8510-10w-40-208l","status":"publish","type":"product","link":"https:\/\/syntaco.pl\/sklep\/produkt\/q8-f-truck-8510-10w-40-208l\/","title":{"rendered":"Q8 F Truck 8510 10W-40 &#8211; 208L"},"content":{"rendered":"<p>Q8 Formula Truck 8510 10W-40 to doskona\u0142y, ultrawydajny olej silnikowy. Ten produkt jest kompatybilny z biopaliwem i ma doskona\u0142e w\u0142a\u015bciwo\u015bci na zimno. Oferuje rozszerzone odprowadzanie oleju, zapewnia wyj\u0105tkow\u0105 ochron\u0119 przed zu\u017cyciem i zapobiega utlenianiu. Spe\u0142nia wymagania OEM, takie jak Mercedes-Benz, MAN, Scania i Volvo.<br \/>\nQ8 Formula Truck 8510 10W-40 zosta\u0142 opracowany dla pojazd\u00f3w wymagaj\u0105cych specyfikacji ACEA E6 \/ E7 \/E8\/E8\/E11 i API CK-4. Mo\u017ce by\u0107 stosowany w wi\u0119kszo\u015bci silnik\u00f3w wysokopr\u0119\u017cnych Euro IV, Euro V i Euro VI wyposa\u017conych w systemy obr\u00f3bki po obr\u00f3bce i pracuj\u0105cych na diesie o niskiej zawarto\u015bci siarki. Przekracza wymagania ponad 90% ci\u0119\u017ckiej floty, takiej jak Scania, MAN, Mercedes-Benz, Cummins, Volvo, MTU czy Caterpillar. Q8 Formula Truck 8510 10W-40 mo\u017ce by\u0107 stosowany tam, gdzie zaleca si\u0119 Volvo VDS-5, chocia\u017c interwa\u0142 zmian musi by\u0107 odpowiednio dostosowany i nie ma \u017cadnych korzy\u015bci z zu\u017cycia paliwa VDS-5. Uwaga Q8 Formula Truck 8510 10W-40 nie jest zatwierdzony przez VDS-5.<br \/>\nCEA\tE11<br \/>\nACEA\tE6<br \/>\nACEA\tE7<br \/>\nACEA\tE8<br \/>\nACEA\tE9<br \/>\nAPI\tCK-4<br \/>\nAPI\tSN<br \/>\nCaterpillar\tECF-3<br \/>\nCummins\tCES 20081<br \/>\nCummins\tCES 20086<br \/>\nDAF\tExtended Drain<br \/>\nDaimler Truck AG\tDTFR 15C100 (MB 228.31)<br \/>\nDaimler Truck AG\tDTFR 15C110 (MB 228.51)<br \/>\nDaimler Truck AG\tDTFR 15C120 (MB 228.52)<br \/>\nDetroit Diesel\tDFS 93K218<br \/>\nDeutz\tDQC IV-18 LA<br \/>\nIveco\t18-1804 TLS E6<br \/>\nIveco\t18-1804 TLS E9<br \/>\nJASO\tDH-2<br \/>\nLiebherr\tLH-00-ENG LA<br \/>\nLiebherr\tLH-00-ENG3A LA<br \/>\nLiebherr\tLH-00-ENG5C LA<br \/>\nMAN\tM 3271-1<br \/>\nMAN\tM 3277<br \/>\nMAN\tM 3477<br \/>\nMAN\tM 3775<br \/>\nMB\t228.31<br \/>\nMB\t228.51<br \/>\nMB\t228.52<br \/>\nMTU\tType 2.1<br \/>\nMTU\tType 3.1<br \/>\nMack\tEO-O Premium Plus<br \/>\nMack\tEO-S 4.5<br \/>\nRenault\tRGD<br \/>\nRenault\tRLD-3<br \/>\nScania\tLA (Low Ash)<br \/>\nVolvo\tCNG<br \/>\nVolvo\tVDS-4<\/p>\n","protected":false},"excerpt":{"rendered":"<p>Q8 Formula Truck 8510 10W-40 to doskona\u0142y, ultrawydajny olej silnikowy. Ten produkt jest kompatybilny z biopaliwem i ma doskona\u0142e w\u0142a\u015bciwo\u015bci na zimno. Oferuje rozszerzone odprowadzanie oleju, zapewnia wyj\u0105tkow\u0105 ochron\u0119 przed zu\u017cyciem i zapobiega utlenianiu. Spe\u0142nia wymagania OEM, takie jak Mercedes-Benz, MAN, Scania i Volvo. Q8 Formula Truck 8510 10W-40 zosta\u0142 opracowany dla pojazd\u00f3w wymagaj\u0105cych specyfikacji [&hellip;]<\/p>\n","protected":false},"featured_media":1124,"template":"","meta":{"_acf_changed":false},"product_brand":[49],"product_cat":[59],"product_tag":[],"class_list":{"0":"post-1125","1":"product","2":"type-product","3":"status-publish","4":"has-post-thumbnail","6":"product_brand-kuwait-petroleum-belgium-n-v-s-a","7":"product_cat-oleje-silnikowe","9":"first","10":"instock","11":"shipping-taxable","12":"purchasable","13":"product-type-simple"},"acf":[],"_links":{"self":[{"href":"https:\/\/syntaco.pl\/sklep\/wp-json\/wp\/v2\/product\/1125","targetHints":{"allow":["GET"]}}],"collection":[{"href":"https:\/\/syntaco.pl\/sklep\/wp-json\/wp\/v2\/product"}],"about":[{"href":"https:\/\/syntaco.pl\/sklep\/wp-json\/wp\/v2\/types\/product"}],"wp:featuredmedia":[{"embeddable":true,"href":"https:\/\/syntaco.pl\/sklep\/wp-json\/wp\/v2\/media\/1124"}],"wp:attachment":[{"href":"https:\/\/syntaco.pl\/sklep\/wp-json\/wp\/v2\/media?parent=1125"}],"wp:term":[{"taxonomy":"product_brand","embeddable":true,"href":"https:\/\/syntaco.pl\/sklep\/wp-json\/wp\/v2\/product_brand?post=1125"},{"taxonomy":"product_cat","embeddable":true,"href":"https:\/\/syntaco.pl\/sklep\/wp-json\/wp\/v2\/product_cat?post=1125"},{"taxonomy":"product_tag","embeddable":true,"href":"https:\/\/syntaco.pl\/sklep\/wp-json\/wp\/v2\/product_tag?post=1125"}],"curies":[{"name":"wp","href":"https:\/\/api.w.org\/{rel}","templated":true}]}}