{"id":1080,"date":"2025-12-19T10:21:11","date_gmt":"2025-12-19T09:21:11","guid":{"rendered":"https:\/\/syntaco.artneo.pl\/produkt\/q8-f-truck-7000-10w-40-208l\/"},"modified":"2026-04-15T09:43:03","modified_gmt":"2026-04-15T07:43:03","slug":"q8-f-truck-7000-10w-40-208l","status":"publish","type":"product","link":"https:\/\/syntaco.pl\/sklep\/produkt\/q8-f-truck-7000-10w-40-208l\/","title":{"rendered":"Q8 F Truck 7000 10W-40 &#8211; 208L"},"content":{"rendered":"<p>Q8 Formula Truck 7000 10W-40 najwy\u017cszej jako\u015bci, syntetyczny, superwydajny olej do wysokoobci\u0105\u017conych silnik\u00f3w wysokopr\u0119\u017cnych o niskiej zawarto\u015bci SAPS, kt\u00f3ry zapewnia ochron\u0119 przed ekstremalnym zu\u017cyciem i wyd\u0142u\u017cone okresy mi\u0119dzy wymianami oleju.<br \/>\nKorzy\u015bci:<br \/>\n\u2022Wyj\u0105tkowa czysto\u015b\u0107 komory spalania dzi\u0119ki niskiemu poziomowi popio\u0142u siarczanowego.<br \/>\n\u2022Doskona\u0142a ochrona silnika przed zu\u017cyciem.<br \/>\n\u2022Doskona\u0142a ochrona przed gromadzeniem si\u0119 osad\u00f3w na pier\u015bcieniach t\u0142okowych.<br \/>\n\u2022Wyj\u0105tkowa ochrona silnika po zimnym rozruchu.<br \/>\n\u2022Minimalizacja zatykania si\u0119 filtra cz\u0105stek sta\u0142ych do silnik\u00f3w wysokopr\u0119\u017cnych (DPF\/CRT).<br \/>\nSpecyfikacje:<br \/>\nACEA E9 Liebherr LH-00-ENG3A LA<br \/>\nAPI CK-4 MAN M 3271-1<br \/>\nAllison TES-439 MAN M 3575<br \/>\nCase New Holland MAT 3571 MAN M 3775<br \/>\nCaterpillar ECF-2 MB 228.31<br \/>\nCaterpillar ECF-3 MTU Type 2.1<br \/>\nCummins CES 20086 Mack EO-S 4.5<br \/>\nDetroit Diesel 93K218 Renault RGD<br \/>\nDetroit Diesel 93K222 Renault RLD-3<br \/>\nDeutz DQC III-10 LA Renault RLD-4<br \/>\nDeutz DQC III-18 LA Tata<br \/>\nFord M2C 171-F1 UD Trucks<br \/>\nHino Volvo CNG<br \/>\nIsuzu Volvo VDS-4.5<br \/>\nJASO DH-2<\/p>\n","protected":false},"excerpt":{"rendered":"<p>Q8 Formula Truck 7000 10W-40 najwy\u017cszej jako\u015bci, syntetyczny, superwydajny olej do wysokoobci\u0105\u017conych silnik\u00f3w wysokopr\u0119\u017cnych o niskiej zawarto\u015bci SAPS, kt\u00f3ry zapewnia ochron\u0119 przed ekstremalnym zu\u017cyciem i wyd\u0142u\u017cone okresy mi\u0119dzy wymianami oleju. Korzy\u015bci: \u2022Wyj\u0105tkowa czysto\u015b\u0107 komory spalania dzi\u0119ki niskiemu poziomowi popio\u0142u siarczanowego. \u2022Doskona\u0142a ochrona silnika przed zu\u017cyciem. \u2022Doskona\u0142a ochrona przed gromadzeniem si\u0119 osad\u00f3w na pier\u015bcieniach t\u0142okowych. \u2022Wyj\u0105tkowa [&hellip;]<\/p>\n","protected":false},"featured_media":1079,"template":"","meta":{"_acf_changed":false},"product_brand":[49],"product_cat":[59],"product_tag":[],"class_list":{"0":"post-1080","1":"product","2":"type-product","3":"status-publish","4":"has-post-thumbnail","6":"product_brand-kuwait-petroleum-belgium-n-v-s-a","7":"product_cat-oleje-silnikowe","9":"first","10":"instock","11":"shipping-taxable","12":"purchasable","13":"product-type-simple"},"acf":[],"_links":{"self":[{"href":"https:\/\/syntaco.pl\/sklep\/wp-json\/wp\/v2\/product\/1080","targetHints":{"allow":["GET"]}}],"collection":[{"href":"https:\/\/syntaco.pl\/sklep\/wp-json\/wp\/v2\/product"}],"about":[{"href":"https:\/\/syntaco.pl\/sklep\/wp-json\/wp\/v2\/types\/product"}],"wp:featuredmedia":[{"embeddable":true,"href":"https:\/\/syntaco.pl\/sklep\/wp-json\/wp\/v2\/media\/1079"}],"wp:attachment":[{"href":"https:\/\/syntaco.pl\/sklep\/wp-json\/wp\/v2\/media?parent=1080"}],"wp:term":[{"taxonomy":"product_brand","embeddable":true,"href":"https:\/\/syntaco.pl\/sklep\/wp-json\/wp\/v2\/product_brand?post=1080"},{"taxonomy":"product_cat","embeddable":true,"href":"https:\/\/syntaco.pl\/sklep\/wp-json\/wp\/v2\/product_cat?post=1080"},{"taxonomy":"product_tag","embeddable":true,"href":"https:\/\/syntaco.pl\/sklep\/wp-json\/wp\/v2\/product_tag?post=1080"}],"curies":[{"name":"wp","href":"https:\/\/api.w.org\/{rel}","templated":true}]}}