{"id":1064,"date":"2025-12-19T10:20:57","date_gmt":"2025-12-19T09:20:57","guid":{"rendered":"https:\/\/syntaco.artneo.pl\/produkt\/q8-f-m-long-life-5w-40-4l\/"},"modified":"2026-03-28T08:32:34","modified_gmt":"2026-03-28T07:32:34","slug":"q8-f-m-long-life-5w-40-4l","status":"publish","type":"product","link":"https:\/\/syntaco.pl\/sklep\/produkt\/q8-f-m-long-life-5w-40-4l\/","title":{"rendered":"Q8 F M Long Life 5W-40 &#8211; 4L"},"content":{"rendered":"<p>39778535Q8 Formula M Long Life 5W-40 to \u015bwietny niskopopio\u0142owy olej silnikowy opracowany do silnik\u00f3w Mercedes-Benz Euro 4 i 5. Zapewnia doskona\u0142\u0105 wytrzyma\u0142o\u015b\u0107 warstwy oleju oraz kompatybilno\u015b\u0107 z uk\u0142adami oczyszczania spalin.<br \/>\nKorzy\u015bci<br \/>\n\u2022\tZnakomita ochrona katalizatora i filtra cz\u0105stek sta\u0142ych.<br \/>\n\u2022\tDoskona\u0142a wytrzyma\u0142o\u015b\u0107 warstwy oleju we wszystkich warunkach pracy silnika.<br \/>\n\u2022\tDoskona\u0142a ochrona zimnego silnika.<br \/>\n\u2022\tDoskona\u0142a ochrona przed zu\u017cyciem zapewnia d\u0142ug\u0105 \u017cywotno\u015b\u0107 silnika.<br \/>\nSpecyfikacje i aprobaty: ACEA C3, API SN, BMW Longlife-04, ford M2C 917-A, Dexos2, MB 229.31, MB 229.51, Porsche A40, VAG VW 502.00, VAG VW 505.00, VAG VW 505.01<\/p>\n","protected":false},"excerpt":{"rendered":"<p>39778535Q8 Formula M Long Life 5W-40 to \u015bwietny niskopopio\u0142owy olej silnikowy opracowany do silnik\u00f3w Mercedes-Benz Euro 4 i 5. Zapewnia doskona\u0142\u0105 wytrzyma\u0142o\u015b\u0107 warstwy oleju oraz kompatybilno\u015b\u0107 z uk\u0142adami oczyszczania spalin. Korzy\u015bci \u2022 Znakomita ochrona katalizatora i filtra cz\u0105stek sta\u0142ych. \u2022 Doskona\u0142a wytrzyma\u0142o\u015b\u0107 warstwy oleju we wszystkich warunkach pracy silnika. \u2022 Doskona\u0142a ochrona zimnego silnika. \u2022 [&hellip;]<\/p>\n","protected":false},"featured_media":1063,"template":"","meta":{"_acf_changed":false},"product_brand":[49],"product_cat":[59],"product_tag":[],"class_list":{"0":"post-1064","1":"product","2":"type-product","3":"status-publish","4":"has-post-thumbnail","6":"product_brand-kuwait-petroleum-belgium-n-v-s-a","7":"product_cat-oleje-silnikowe","9":"first","10":"instock","11":"shipping-taxable","12":"purchasable","13":"product-type-simple"},"acf":[],"_links":{"self":[{"href":"https:\/\/syntaco.pl\/sklep\/wp-json\/wp\/v2\/product\/1064","targetHints":{"allow":["GET"]}}],"collection":[{"href":"https:\/\/syntaco.pl\/sklep\/wp-json\/wp\/v2\/product"}],"about":[{"href":"https:\/\/syntaco.pl\/sklep\/wp-json\/wp\/v2\/types\/product"}],"wp:featuredmedia":[{"embeddable":true,"href":"https:\/\/syntaco.pl\/sklep\/wp-json\/wp\/v2\/media\/1063"}],"wp:attachment":[{"href":"https:\/\/syntaco.pl\/sklep\/wp-json\/wp\/v2\/media?parent=1064"}],"wp:term":[{"taxonomy":"product_brand","embeddable":true,"href":"https:\/\/syntaco.pl\/sklep\/wp-json\/wp\/v2\/product_brand?post=1064"},{"taxonomy":"product_cat","embeddable":true,"href":"https:\/\/syntaco.pl\/sklep\/wp-json\/wp\/v2\/product_cat?post=1064"},{"taxonomy":"product_tag","embeddable":true,"href":"https:\/\/syntaco.pl\/sklep\/wp-json\/wp\/v2\/product_tag?post=1064"}],"curies":[{"name":"wp","href":"https:\/\/api.w.org\/{rel}","templated":true}]}}