{"id":1050,"date":"2025-12-19T10:20:41","date_gmt":"2025-12-19T09:20:41","guid":{"rendered":"https:\/\/syntaco.artneo.pl\/produkt\/q8-f-special-d1-fe-0w-20-20l\/"},"modified":"2026-03-28T08:32:25","modified_gmt":"2026-03-28T07:32:25","slug":"q8-f-special-d1-fe-0w-20-20l","status":"publish","type":"product","link":"https:\/\/syntaco.pl\/sklep\/produkt\/q8-f-special-d1-fe-0w-20-20l\/","title":{"rendered":"Q8 F Special D1 FE 0W-20 &#8211; 20L"},"content":{"rendered":"<p>Q8 Formula Special D1 FE 0W-20 to syntetyczny olej silnikowy do samochod\u00f3w osobowych. Zapewnia zmniejszenie zu\u017cycia paliwa do 2,6%, wyd\u0142u\u017cenie trwa\u0142o\u015bci silnika oraz spe\u0142nia wymagania specyfikacji GM Opel Dexos1 Gen2.<br \/>\nKorzy\u015bci<br \/>\n\u2022\tDoskona\u0142a czysto\u015b\u0107 silnika wyd\u0142u\u017ca jego \u017cywotno\u015b\u0107.<br \/>\n\u2022\tMniejsze zu\u017cycie paliwa.<br \/>\n\u2022\tDoskona\u0142a wytrzyma\u0142o\u015b\u0107 warstwy oleju zapobiegaj\u0105ca zu\u017cyciu silnika.<br \/>\n\u2022\tWyd\u0142u\u017cony okres pomi\u0119dzy wymianami<br \/>\nSpecyfikacje i aprobaty : API SN, API SN Plus, Chrysler MS-6395, Ford M2C 947-A, GM Dexos1 Gen2, ILSAC GF-5<\/p>\n","protected":false},"excerpt":{"rendered":"<p>Q8 Formula Special D1 FE 0W-20 to syntetyczny olej silnikowy do samochod\u00f3w osobowych. Zapewnia zmniejszenie zu\u017cycia paliwa do 2,6%, wyd\u0142u\u017cenie trwa\u0142o\u015bci silnika oraz spe\u0142nia wymagania specyfikacji GM Opel Dexos1 Gen2. Korzy\u015bci \u2022 Doskona\u0142a czysto\u015b\u0107 silnika wyd\u0142u\u017ca jego \u017cywotno\u015b\u0107. \u2022 Mniejsze zu\u017cycie paliwa. \u2022 Doskona\u0142a wytrzyma\u0142o\u015b\u0107 warstwy oleju zapobiegaj\u0105ca zu\u017cyciu silnika. \u2022 Wyd\u0142u\u017cony okres pomi\u0119dzy wymianami [&hellip;]<\/p>\n","protected":false},"featured_media":1049,"template":"","meta":{"_acf_changed":false},"product_brand":[49],"product_cat":[59],"product_tag":[],"class_list":{"0":"post-1050","1":"product","2":"type-product","3":"status-publish","4":"has-post-thumbnail","6":"product_brand-kuwait-petroleum-belgium-n-v-s-a","7":"product_cat-oleje-silnikowe","9":"first","10":"instock","11":"shipping-taxable","12":"purchasable","13":"product-type-simple"},"acf":[],"_links":{"self":[{"href":"https:\/\/syntaco.pl\/sklep\/wp-json\/wp\/v2\/product\/1050","targetHints":{"allow":["GET"]}}],"collection":[{"href":"https:\/\/syntaco.pl\/sklep\/wp-json\/wp\/v2\/product"}],"about":[{"href":"https:\/\/syntaco.pl\/sklep\/wp-json\/wp\/v2\/types\/product"}],"wp:featuredmedia":[{"embeddable":true,"href":"https:\/\/syntaco.pl\/sklep\/wp-json\/wp\/v2\/media\/1049"}],"wp:attachment":[{"href":"https:\/\/syntaco.pl\/sklep\/wp-json\/wp\/v2\/media?parent=1050"}],"wp:term":[{"taxonomy":"product_brand","embeddable":true,"href":"https:\/\/syntaco.pl\/sklep\/wp-json\/wp\/v2\/product_brand?post=1050"},{"taxonomy":"product_cat","embeddable":true,"href":"https:\/\/syntaco.pl\/sklep\/wp-json\/wp\/v2\/product_cat?post=1050"},{"taxonomy":"product_tag","embeddable":true,"href":"https:\/\/syntaco.pl\/sklep\/wp-json\/wp\/v2\/product_tag?post=1050"}],"curies":[{"name":"wp","href":"https:\/\/api.w.org\/{rel}","templated":true}]}}