{"id":1048,"date":"2025-12-19T10:20:39","date_gmt":"2025-12-19T09:20:39","guid":{"rendered":"https:\/\/syntaco.artneo.pl\/produkt\/q8-f-special-fe-0w-20-208l\/"},"modified":"2026-03-28T08:32:24","modified_gmt":"2026-03-28T07:32:24","slug":"q8-f-special-fe-0w-20-208l","status":"publish","type":"product","link":"https:\/\/syntaco.pl\/sklep\/produkt\/q8-f-special-fe-0w-20-208l\/","title":{"rendered":"Q8 F Special FE 0W-20 &#8211; 208L"},"content":{"rendered":"<p>Q8 Formula Special FE 0W-20 to syntetyczny olej silnikowy do samochod\u00f3w osobowych. Zapewnia wyj\u0105tkowe osi\u0105gi i trwa\u0142o\u015b\u0107 silnika oraz spe\u0142nia rygorystyczne wymagania wielu znacz\u0105cych OEM.<br \/>\nKorzy\u015bci<br \/>\n\u2022\tZnakomita ochrona katalizatora i filtra cz\u0105stek sta\u0142ych<br \/>\n\u2022\tZmniejszenie zu\u017cycia paliwa o ponad 3%.<br \/>\n\u2022\tDoskona\u0142a czysto\u015b\u0107 silnika wyd\u0142u\u017ca jego \u017cywotno\u015b\u0107<br \/>\n\u2022\tBardzo dobra kompatybilno\u015b\u0107 z biodieslem dzi\u0119ki ulepszonej stabilno\u015bci oksydacyjnej<br \/>\n\u2022\tDoskona\u0142a wytrzyma\u0142o\u015b\u0107 warstwy oleju zapobiegj\u0105ca zu\u017cyciu silnika Specyfikacje i aprobaty: ACEA C5, API SN, API SN Plus, BMW Longlife 14 FE+, BMW Longlife 17+ , Chrysler MS-12145, Fiat 9.55535-GSX, Ford M2C 947-81, ILSAC GF-5, MB 229.71, Vauxhall\/GM 0V041547 (Dexos2 Gen2), Volvo VCC RBS0-2AE<\/p>\n","protected":false},"excerpt":{"rendered":"<p>Q8 Formula Special FE 0W-20 to syntetyczny olej silnikowy do samochod\u00f3w osobowych. Zapewnia wyj\u0105tkowe osi\u0105gi i trwa\u0142o\u015b\u0107 silnika oraz spe\u0142nia rygorystyczne wymagania wielu znacz\u0105cych OEM. Korzy\u015bci \u2022 Znakomita ochrona katalizatora i filtra cz\u0105stek sta\u0142ych \u2022 Zmniejszenie zu\u017cycia paliwa o ponad 3%. \u2022 Doskona\u0142a czysto\u015b\u0107 silnika wyd\u0142u\u017ca jego \u017cywotno\u015b\u0107 \u2022 Bardzo dobra kompatybilno\u015b\u0107 z biodieslem dzi\u0119ki [&hellip;]<\/p>\n","protected":false},"featured_media":1047,"template":"","meta":{"_acf_changed":false},"product_brand":[49],"product_cat":[59],"product_tag":[],"class_list":{"0":"post-1048","1":"product","2":"type-product","3":"status-publish","4":"has-post-thumbnail","6":"product_brand-kuwait-petroleum-belgium-n-v-s-a","7":"product_cat-oleje-silnikowe","9":"first","10":"instock","11":"shipping-taxable","12":"purchasable","13":"product-type-simple"},"acf":[],"_links":{"self":[{"href":"https:\/\/syntaco.pl\/sklep\/wp-json\/wp\/v2\/product\/1048","targetHints":{"allow":["GET"]}}],"collection":[{"href":"https:\/\/syntaco.pl\/sklep\/wp-json\/wp\/v2\/product"}],"about":[{"href":"https:\/\/syntaco.pl\/sklep\/wp-json\/wp\/v2\/types\/product"}],"wp:featuredmedia":[{"embeddable":true,"href":"https:\/\/syntaco.pl\/sklep\/wp-json\/wp\/v2\/media\/1047"}],"wp:attachment":[{"href":"https:\/\/syntaco.pl\/sklep\/wp-json\/wp\/v2\/media?parent=1048"}],"wp:term":[{"taxonomy":"product_brand","embeddable":true,"href":"https:\/\/syntaco.pl\/sklep\/wp-json\/wp\/v2\/product_brand?post=1048"},{"taxonomy":"product_cat","embeddable":true,"href":"https:\/\/syntaco.pl\/sklep\/wp-json\/wp\/v2\/product_cat?post=1048"},{"taxonomy":"product_tag","embeddable":true,"href":"https:\/\/syntaco.pl\/sklep\/wp-json\/wp\/v2\/product_tag?post=1048"}],"curies":[{"name":"wp","href":"https:\/\/api.w.org\/{rel}","templated":true}]}}