{"id":1030,"date":"2025-12-19T10:20:24","date_gmt":"2025-12-19T09:20:24","guid":{"rendered":"https:\/\/syntaco.artneo.pl\/produkt\/q8-f-truck-7000-fe-10w-30-20l\/"},"modified":"2026-03-28T08:32:17","modified_gmt":"2026-03-28T07:32:17","slug":"q8-f-truck-7000-fe-10w-30-20l","status":"publish","type":"product","link":"https:\/\/syntaco.pl\/sklep\/produkt\/q8-f-truck-7000-fe-10w-30-20l\/","title":{"rendered":"Q8 F Truck 7000 FE 10W-30 &#8211; 20L"},"content":{"rendered":"<p>Q8 Formula Truck 7000 FE 10W-30 to najwy\u017cszej jako\u015bci, syntetyczny, superwydajny olej do wysokoobci\u0105\u017conych silnik\u00f3w wysokopr\u0119\u017cnych o niskiej zawarto\u015bci SAPS, kt\u00f3ry zapewnia ochron\u0119 przed ekstremalnym zu\u017cyciem i ogranicza zu\u017cycie paliwa do 1%.<br \/>\nKorzy\u015bci:<br \/>\n\u2022 Wyj\u0105tkowa czysto\u015b\u0107 komory spalania dzi\u0119ki niskiemu poziomowi popio\u0142u siarczanowego.<br \/>\n\u2022 Doskona\u0142a ochrona silnika przed zu\u017cyciem.<br \/>\n\u2022 Doskona\u0142a ochrona przed gromadzeniem si\u0119 osad\u00f3w na pier\u015bcieniach t\u0142okowych.<br \/>\n\u2022 Wyj\u0105tkowa ochrona silnika po zimnym rozruchu.<br \/>\n\u2022 Minimalizacja zatykania si\u0119 filtra cz\u0105stek sta\u0142ych do silnik\u00f3w wysokopr\u0119\u017cnych (DPF\/CRT).<br \/>\nSpecyfikacje:<br \/>\nACEA E9 Isuzu<br \/>\nAPI CK-4 JASO DH-2<br \/>\nCase New Holland MAT 3571 MAN M 3575<br \/>\nCaterpillar ECF-2 MAN M 3775<br \/>\nCaterpillar ECF-3 MB 228.31<br \/>\nCummins CES 20086 MTU Type 2.1<br \/>\nDetroit Diesel 93K218 Mack EO-S 4.5<br \/>\nDetroit Diesel 93K222 Renault RLD-3<br \/>\nDeutz DQC III-10 LA Renault RLD-4<br \/>\nDeutz DQC III-18 LA Tata<br \/>\nFord M2C 171-F1 UD Trucks<br \/>\nHino Volvo VDS-4.5<\/p>\n","protected":false},"excerpt":{"rendered":"<p>Q8 Formula Truck 7000 FE 10W-30 to najwy\u017cszej jako\u015bci, syntetyczny, superwydajny olej do wysokoobci\u0105\u017conych silnik\u00f3w wysokopr\u0119\u017cnych o niskiej zawarto\u015bci SAPS, kt\u00f3ry zapewnia ochron\u0119 przed ekstremalnym zu\u017cyciem i ogranicza zu\u017cycie paliwa do 1%. Korzy\u015bci: \u2022 Wyj\u0105tkowa czysto\u015b\u0107 komory spalania dzi\u0119ki niskiemu poziomowi popio\u0142u siarczanowego. \u2022 Doskona\u0142a ochrona silnika przed zu\u017cyciem. \u2022 Doskona\u0142a ochrona przed gromadzeniem si\u0119 [&hellip;]<\/p>\n","protected":false},"featured_media":1029,"template":"","meta":{"_acf_changed":false},"product_brand":[49],"product_cat":[59],"product_tag":[],"class_list":{"0":"post-1030","1":"product","2":"type-product","3":"status-publish","4":"has-post-thumbnail","6":"product_brand-kuwait-petroleum-belgium-n-v-s-a","7":"product_cat-oleje-silnikowe","9":"first","10":"instock","11":"shipping-taxable","12":"purchasable","13":"product-type-simple"},"acf":[],"_links":{"self":[{"href":"https:\/\/syntaco.pl\/sklep\/wp-json\/wp\/v2\/product\/1030","targetHints":{"allow":["GET"]}}],"collection":[{"href":"https:\/\/syntaco.pl\/sklep\/wp-json\/wp\/v2\/product"}],"about":[{"href":"https:\/\/syntaco.pl\/sklep\/wp-json\/wp\/v2\/types\/product"}],"wp:featuredmedia":[{"embeddable":true,"href":"https:\/\/syntaco.pl\/sklep\/wp-json\/wp\/v2\/media\/1029"}],"wp:attachment":[{"href":"https:\/\/syntaco.pl\/sklep\/wp-json\/wp\/v2\/media?parent=1030"}],"wp:term":[{"taxonomy":"product_brand","embeddable":true,"href":"https:\/\/syntaco.pl\/sklep\/wp-json\/wp\/v2\/product_brand?post=1030"},{"taxonomy":"product_cat","embeddable":true,"href":"https:\/\/syntaco.pl\/sklep\/wp-json\/wp\/v2\/product_cat?post=1030"},{"taxonomy":"product_tag","embeddable":true,"href":"https:\/\/syntaco.pl\/sklep\/wp-json\/wp\/v2\/product_tag?post=1030"}],"curies":[{"name":"wp","href":"https:\/\/api.w.org\/{rel}","templated":true}]}}