{"id":1009,"date":"2025-12-19T10:20:03","date_gmt":"2025-12-19T09:20:03","guid":{"rendered":"https:\/\/syntaco.artneo.pl\/produkt\/q8-multi-lcx-2-400g-lube-shuttle\/"},"modified":"2026-03-28T08:32:11","modified_gmt":"2026-03-28T07:32:11","slug":"q8-multi-lcx-2-400g-lube-shuttle","status":"publish","type":"product","link":"https:\/\/syntaco.pl\/sklep\/produkt\/q8-multi-lcx-2-400g-lube-shuttle\/","title":{"rendered":"Q8 Multi LCX 2 &#8211; 400g Lube Shuttle"},"content":{"rendered":"<p>Q8 Multi LCX 2 to uniwersalny smar litowo-wapniowy o zaawansowanych w\u0142a\u015bciwo\u015bciach wodoodpornych i optymalnej stabilno\u015bci obrotu. Smar w kolorze zielonym ma d\u0142ug\u0105 \u017cywotno\u015b\u0107.<br \/>\nKorzy\u015bci:<br \/>\n\u2022\tKr\u00f3tszy czas przestoju i lepsza wydajno\u015b\u0107 konserwacji<br \/>\n\u2022\tDoskona\u0142a wodoodporno\u015b\u0107<br \/>\n\u2022\tWyj\u0105tkowa stabilno\u015b\u0107 obrotu<br \/>\n\u2022\tIdealnie nadaje si\u0119 do zastosowa\u0144 w szerokim zakresie temperatur<br \/>\n\u2022\tWyj\u0105tkowa ochrona przed rdz\u0105<br \/>\nSpecyfikacje:<br \/>\nDIN 51502 KP2K-20 ISO 6743 L-XBCDB2<\/p>\n","protected":false},"excerpt":{"rendered":"<p>Q8 Multi LCX 2 to uniwersalny smar litowo-wapniowy o zaawansowanych w\u0142a\u015bciwo\u015bciach wodoodpornych i optymalnej stabilno\u015bci obrotu. Smar w kolorze zielonym ma d\u0142ug\u0105 \u017cywotno\u015b\u0107. Korzy\u015bci: \u2022 Kr\u00f3tszy czas przestoju i lepsza wydajno\u015b\u0107 konserwacji \u2022 Doskona\u0142a wodoodporno\u015b\u0107 \u2022 Wyj\u0105tkowa stabilno\u015b\u0107 obrotu \u2022 Idealnie nadaje si\u0119 do zastosowa\u0144 w szerokim zakresie temperatur \u2022 Wyj\u0105tkowa ochrona przed rdz\u0105 Specyfikacje: [&hellip;]<\/p>\n","protected":false},"featured_media":1007,"template":"","meta":{"_acf_changed":false},"product_brand":[49],"product_cat":[30,31],"product_tag":[],"class_list":{"0":"post-1009","1":"product","2":"type-product","3":"status-publish","4":"has-post-thumbnail","6":"product_brand-kuwait-petroleum-belgium-n-v-s-a","7":"product_cat-produkty","8":"product_cat-smary","10":"first","11":"instock","12":"shipping-taxable","13":"purchasable","14":"product-type-simple"},"acf":[],"_links":{"self":[{"href":"https:\/\/syntaco.pl\/sklep\/wp-json\/wp\/v2\/product\/1009","targetHints":{"allow":["GET"]}}],"collection":[{"href":"https:\/\/syntaco.pl\/sklep\/wp-json\/wp\/v2\/product"}],"about":[{"href":"https:\/\/syntaco.pl\/sklep\/wp-json\/wp\/v2\/types\/product"}],"wp:featuredmedia":[{"embeddable":true,"href":"https:\/\/syntaco.pl\/sklep\/wp-json\/wp\/v2\/media\/1007"}],"wp:attachment":[{"href":"https:\/\/syntaco.pl\/sklep\/wp-json\/wp\/v2\/media?parent=1009"}],"wp:term":[{"taxonomy":"product_brand","embeddable":true,"href":"https:\/\/syntaco.pl\/sklep\/wp-json\/wp\/v2\/product_brand?post=1009"},{"taxonomy":"product_cat","embeddable":true,"href":"https:\/\/syntaco.pl\/sklep\/wp-json\/wp\/v2\/product_cat?post=1009"},{"taxonomy":"product_tag","embeddable":true,"href":"https:\/\/syntaco.pl\/sklep\/wp-json\/wp\/v2\/product_tag?post=1009"}],"curies":[{"name":"wp","href":"https:\/\/api.w.org\/{rel}","templated":true}]}}